091
CDUS45 KMSO 232232
CLIBTM


CLIMATE REPORT
NATIONAL WEATHER SERVICE MISSOULA, MT
432 PM MDT WED MAY 23 2018


...................................

...THE BUTTE MT CLIMATE SUMMARY FOR MAY 23 2018...
VALID TODAY AS OF 0400 PM LOCAL TIME.

CLIMATE NORMAL PERIOD 1981 TO 2010
CLIMATE RECORD PERIOD 1895 TO 2018


WEATHER ITEM   OBSERVED TIME   RECORD YEAR NORMAL DEPARTURE LAST
                VALUE   (LST)  VALUE       VALUE  FROM      YEAR
                                                  NORMAL
..................................................................
TEMPERATURE (F)
 TODAY
  MAXIMUM         62   1252 PM  84    1929  63     -1       78
  MINIMUM         41    534 AM  19    1986  36      5       35
  AVERAGE         52                        50      2       57

PRECIPITATION (IN)
  TODAY            0.11          0.73 2013   0.08   0.03     0.00
  MONTH TO DATE    2.03                      1.39   0.64     1.54
  SINCE OCT 1      6.99                      6.11   0.88     8.50
  SINCE JAN 1      5.55                      4.22   1.33     5.28

SNOWFALL (IN)
  TODAY           MM
  MONTH TO DATE   MM
  SINCE JAN 1     MM
  SINCE JUL 1     MM
  SNOW DEPTH       0

DEGREE DAYS
 HEATING
  TODAY           13                        15     -2        8
  MONTH TO DATE  326                       427   -101      408
  SINCE MAR 1   2176                      2249    -73     2006
  SINCE JUL 1   8664                      8818   -154     8790

 COOLING
  TODAY            0                         0      0        0
  MONTH TO DATE    0                         0      0        0
  SINCE MAR 1      0                         0      0        0
  SINCE JAN 1      0                         0      0        0
..................................................................


WIND (MPH)
  HIGHEST WIND SPEED    15   HIGHEST WIND DIRECTION     S (160)
  HIGHEST GUST SPEED    18   HIGHEST GUST DIRECTION     S (170)
  AVERAGE WIND SPEED     3.9


SKY COVER
  POSSIBLE SUNSHINE  MM
  AVERAGE SKY COVER 0.4


WEATHER CONDITIONS
 THE FOLLOWING WEATHER WAS RECORDED TODAY.
  THUNDERSTORM
  HEAVY RAIN
  RAIN
  LIGHT RAIN
  FOG


RELATIVE HUMIDITY (PERCENT)
 HIGHEST    96           100 AM
 LOWEST     55          1200 PM
 AVERAGE    76

..........................................................


THE BUTTE MT CLIMATE NORMALS FOR TOMORROW
                         NORMAL    RECORD    YEAR
 MAXIMUM TEMPERATURE (F)   63        84      1928
 MINIMUM TEMPERATURE (F)   36        20      1918


SUNRISE AND SUNSET
MAY 23 2018...........SUNRISE   550 AM MDT   SUNSET   905 PM MDT
MAY 24 2018...........SUNRISE   549 AM MDT   SUNSET   906 PM MDT


-  INDICATES NEGATIVE NUMBERS.
R  INDICATES RECORD WAS SET OR TIED.
MM INDICATES DATA IS MISSING.
T  INDICATES TRACE AMOUNT.




$$
