000
CDUS45 KRIW 260750
CLIBYG


CLIMATE REPORT
NATIONAL WEATHER SERVICE RIVERTON WY
150 AM MDT SAT MAY 26 2018


...................................

...THE BUFFALO WY CLIMATE SUMMARY FOR MAY 25 2018...

CLIMATE NORMAL PERIOD 1981 TO 2010
CLIMATE RECORD PERIOD 1998 TO 2018


WEATHER ITEM   OBSERVED TIME   RECORD YEAR NORMAL DEPARTURE LAST
                VALUE   (LST)  VALUE       VALUE  FROM      YEAR
                                                  NORMAL
..................................................................
TEMPERATURE (F)
 YESTERDAY
  MAXIMUM         82    240 PM  83    2006  66     16       58
  MINIMUM         51    442 AM  33    2012  42      9       45
  AVERAGE         67                        54     13       52

PRECIPITATION (IN)
  YESTERDAY        0.00          0.58 2012   0.08  -0.08     0.00
  MONTH TO DATE    0.95                      2.07  -1.12     2.57
  SINCE MAR 1      2.61                      4.29  -1.68     7.77
  SINCE JAN 1      2.95                      5.06  -2.11     8.20

DEGREE DAYS
 HEATING
  YESTERDAY        0                        11    -11       13
  MONTH TO DATE  235                       348   -113      287
  SINCE MAR 1   1828                      1952   -124     1542
  SINCE JUL 1   6972                      7192   -220     6384

 COOLING
  YESTERDAY        2                         0      2        0
  MONTH TO DATE    2                         0      2       11
  SINCE MAR 1      2                         0      2       11
  SINCE JAN 1      2                         0      2       11
..................................................................


WIND (MPH)
  HIGHEST WIND SPEED    15   HIGHEST WIND DIRECTION     N (360)
  HIGHEST GUST SPEED    18   HIGHEST GUST DIRECTION     N (360)
  AVERAGE WIND SPEED     7.1


SKY COVER
  POSSIBLE SUNSHINE  MM
  AVERAGE SKY COVER 0.0


WEATHER CONDITIONS
 THE FOLLOWING WEATHER WAS RECORDED YESTERDAY.
  NO SIGNIFICANT WEATHER WAS OBSERVED.


RELATIVE HUMIDITY (PERCENT)
 HIGHEST    78           900 PM
 LOWEST     33           300 PM
 AVERAGE    56

..........................................................


THE BUFFALO WY CLIMATE NORMALS FOR TODAY
                         NORMAL    RECORD    YEAR
 MAXIMUM TEMPERATURE (F)   66        83      2006
 MINIMUM TEMPERATURE (F)   43        31      2007


SUNRISE AND SUNSET
MAY 26 2018...........SUNRISE   529 AM MDT   SUNSET   839 PM MDT
MAY 27 2018...........SUNRISE   529 AM MDT   SUNSET   840 PM MDT


-  INDICATES NEGATIVE NUMBERS.
R  INDICATES RECORD WAS SET OR TIED.
MM INDICATES DATA IS MISSING.
T  INDICATES TRACE AMOUNT.




$$
