000
CDUS45 KTFX 261014
CLIBZN


CLIMATE REPORT
NATIONAL WEATHER SERVICE GREAT FALLS MT
413 AM MDT THU APR 26 2018


...................................

...THE BOZEMAN/GALLATIN FIELD MT CLIMATE SUMMARY FOR APRIL 25 2018...

CLIMATE NORMAL PERIOD 1981 TO 2010
CLIMATE RECORD PERIOD 1935 TO 2018


WEATHER ITEM   OBSERVED TIME   RECORD YEAR NORMAL DEPARTURE LAST
                VALUE   (LST)  VALUE       VALUE  FROM      YEAR
                                                  NORMAL
..................................................................
TEMPERATURE (F)
 YESTERDAY
  MAXIMUM         66    341 PM  83    1946  62      4       52
  MINIMUM         27    535 AM  16    2002  33     -6       37
  AVERAGE         47                        48     -1       45

PRECIPITATION (IN)
  YESTERDAY        0.00          0.59 1973   0.06  -0.06     0.11
  MONTH TO DATE    3.10                      1.29   1.81     1.66
  SINCE OCT 1      8.79                      5.52   3.27     6.84
  SINCE JAN 1      5.81                      3.14   2.67     3.51

SNOWFALL (IN)
  YESTERDAY        0.0           2.2  1988   0.2   -0.2      0.0
  MONTH TO DATE    8.7                       6.7    2.0      2.5
  SINCE MAR 1     15.3                      14.4    0.9      4.3
  SINCE JUL 1     67.6                      36.7   30.9     43.5
  SNOW DEPTH       0

DEGREE DAYS
 HEATING
  YESTERDAY       18                        17      1       20
  MONTH TO DATE  657                       515    142      543
  SINCE MAR 1   1701                      1399    302     1257
  SINCE JUL 1   8021                      6979   1042     7450

 COOLING
  YESTERDAY        0                         0      0        0
  MONTH TO DATE    0                         0      0        0
  SINCE MAR 1      0                         0      0        0
  SINCE JAN 1      0                         0      0        0
..................................................................


WIND (MPH)
  HIGHEST WIND SPEED    25   HIGHEST WIND DIRECTION     N (340)
  HIGHEST GUST SPEED    39   HIGHEST GUST DIRECTION     N (340)
  AVERAGE WIND SPEED     8.1


SKY COVER
  AVERAGE SKY COVER 0.2


WEATHER CONDITIONS
 THE FOLLOWING WEATHER WAS RECORDED YESTERDAY.
  NO SIGNIFICANT WEATHER WAS OBSERVED.


RELATIVE HUMIDITY (PERCENT)
 HIGHEST    92
 LOWEST     19
 AVERAGE    56

..........................................................


THE BOZEMAN/GALLATIN FIELD MT CLIMATE NORMALS FOR TODAY
                         NORMAL    RECORD    YEAR
 MAXIMUM TEMPERATURE (F)   62        81      1946
 MINIMUM TEMPERATURE (F)   33        21      1998


SUNRISE AND SUNSET
APRIL 26 2018.........SUNRISE   620 AM MDT   SUNSET   826 PM MDT
APRIL 27 2018.........SUNRISE   618 AM MDT   SUNSET   827 PM MDT


-  INDICATES NEGATIVE NUMBERS.
R  INDICATES RECORD WAS SET OR TIED.
MM INDICATES DATA IS MISSING.
T  INDICATES TRACE AMOUNT.




$$
