000
CDUS41 KCLE 270528
CLICAK


CLIMATE REPORT
NATIONAL WEATHER SERVICE CLEVELAND OH
127 AM EDT SUN MAY 27 2018


...................................

...THE AKRON CANTON OH CLIMATE SUMMARY FOR MAY 26 2018...

CLIMATE NORMAL PERIOD 1981 TO 2010
CLIMATE RECORD PERIOD 1887 TO 2018


WEATHER ITEM   OBSERVED TIME   RECORD YEAR NORMAL DEPARTURE LAST
                VALUE   (LST)  VALUE       VALUE  FROM      YEAR
                                                  NORMAL
..................................................................
TEMPERATURE (F)
 YESTERDAY
  MAXIMUM         79   1043 AM  89    1939  72      7       67
                                      1914
  MINIMUM         62    527 AM  32    1961  52     10       57
                                      1925
  AVERAGE         71                        62      9       62

PRECIPITATION (IN)
  YESTERDAY        0.67                      0.15   0.52     0.18
  MONTH TO DATE    4.18                      3.57   0.61     6.73
  SINCE MAR 1     12.83                     10.10   2.73    16.84
  SINCE JAN 1     20.38                     15.02   5.36    25.35

SNOWFALL (IN)
  YESTERDAY        0.0                       0.0    0.0      0.0
  MONTH TO DATE    0.0                       0.1   -0.1      0.0
  SINCE MAR 1     15.1                      11.0    4.1     16.0
  SINCE JUL 1     53.3                      47.5    5.8     37.2
  SNOW DEPTH       0

DEGREE DAYS
 HEATING
  YESTERDAY        0                         5     -5        3
  MONTH TO DATE   28                       204   -176      195
  SINCE MAR 1   1576                      1536     40     1273
  SINCE JUL 1   5722                      6080   -358     4873

 COOLING
  YESTERDAY        6                         2      4        0
  MONTH TO DATE   70                        25     45       26
  SINCE MAR 1     78                        31     47       48
  SINCE JAN 1     81                        31     50       50
..................................................................


WIND (MPH)
  HIGHEST WIND SPEED    15   HIGHEST WIND DIRECTION     S (170)
  HIGHEST GUST SPEED    24   HIGHEST GUST DIRECTION    NW (300)
  AVERAGE WIND SPEED     6.5


SKY COVER
  POSSIBLE SUNSHINE  MM
  AVERAGE SKY COVER 0.8


WEATHER CONDITIONS
 THE FOLLOWING WEATHER WAS RECORDED YESTERDAY.
  THUNDERSTORM
  RAIN
  LIGHT RAIN
  FOG


RELATIVE HUMIDITY (PERCENT)
 HIGHEST    90           800 PM
 LOWEST     57          1200 AM
 AVERAGE    74

..........................................................


THE AKRON CANTON OH CLIMATE NORMALS FOR TODAY
                         NORMAL    RECORD    YEAR
 MAXIMUM TEMPERATURE (F)   72        92      1978
 MINIMUM TEMPERATURE (F)   52        30      1961


SUNRISE AND SUNSET
MAY 27 2018...........SUNRISE   559 AM EDT   SUNSET   847 PM EDT
MAY 28 2018...........SUNRISE   558 AM EDT   SUNSET   848 PM EDT


-  INDICATES NEGATIVE NUMBERS.
R  INDICATES RECORD WAS SET OR TIED.
MM INDICATES DATA IS MISSING.
T  INDICATES TRACE AMOUNT.




$$
