000
CDUS45 KABQ 190833
CLICAO


CLIMATE REPORT
NATIONAL WEATHER SERVICE ALBUQUERQUE NM
233 AM MDT THU APR 19 2018


...................................

...THE CLAYTON  NM CLIMATE SUMMARY FOR APRIL 18 2018...

CLIMATE NORMAL PERIOD 1981 TO 2010
CLIMATE RECORD PERIOD 1896 TO 2018


WEATHER ITEM   OBSERVED TIME   RECORD YEAR NORMAL DEPARTURE
                VALUE   (LST)  VALUE       VALUE  FROM
                                                  NORMAL
...............................................................
TEMPERATURE (F)
 YESTERDAY
  MAXIMUM         61    134 PM  88    1948  68     -7
  MINIMUM         30    538 AM  16    1953  38     -8
  AVERAGE         46                        53     -7

PRECIPITATION (IN)
  YESTERDAY        0.00          0.50 1942   0.03  -0.03
  MONTH TO DATE    0.02                      0.49  -0.47
  SINCE MAR 1      0.09                      1.44  -1.35
  SINCE JAN 1      0.12                      2.06  -1.94

SNOWFALL (IN)
  YESTERDAY        0.0
  MONTH TO DATE    T
  SINCE MAR 1      T
  SINCE JUL 1      0.8

DEGREE DAYS
 HEATING
  YESTERDAY       19                        12      7
  MONTH TO DATE  298                       261     37
  SINCE MAR 1    865                       905    -40
  SINCE JUL 1   4245                      4582   -337

 COOLING
  YESTERDAY        0                         0      0
  MONTH TO DATE    6                         0      6
  SINCE MAR 1      6                         1      5
  SINCE JAN 1      6                         1      5
...............................................................


WIND (MPH)
  HIGHEST WIND SPEED    28   HIGHEST WIND DIRECTION     N (350)
  HIGHEST GUST SPEED    33   HIGHEST GUST DIRECTION     N (350)
  AVERAGE WIND SPEED    11.1


SKY COVER
  AVERAGE SKY COVER 0.0


WEATHER CONDITIONS
 THE FOLLOWING WEATHER WAS RECORDED YESTERDAY.
  NO SIGNIFICANT WEATHER WAS OBSERVED.


RELATIVE HUMIDITY (PERCENT)
 HIGHEST    38           500 AM
 LOWEST      9          1100 AM
 AVERAGE    24

..........................................................


THE CLAYTON  NM CLIMATE NORMALS FOR TODAY
                         NORMAL    RECORD    YEAR
 MAXIMUM TEMPERATURE (F)   68        85      2017
                                             2001
 MINIMUM TEMPERATURE (F)   39        21      1953


SUNRISE AND SUNSET
APRIL 19 2018.........SUNRISE   614 AM MDT   SUNSET   730 PM MDT
APRIL 20 2018.........SUNRISE   612 AM MDT   SUNSET   731 PM MDT


-  INDICATES NEGATIVE NUMBERS.
R  INDICATES RECORD WAS SET OR TIED.
MM INDICATES DATA IS MISSING.
T  INDICATES TRACE AMOUNT.




$$
