457
CDAK48 PAFC 261252
CLICDB


CLIMATE REPORT
NATIONAL WEATHER SERVICE ANCHORAGE, AK
452 AM AKDT THU APR 26 2018


...................................

...THE COLD BAY CLIMATE SUMMARY FOR APRIL 25 2018...

CLIMATE NORMAL PERIOD 1981 TO 2010
CLIMATE RECORD PERIOD 1942 TO 2018


WEATHER ITEM   OBSERVED TIME   RECORD YEAR NORMAL DEPARTURE LAST
                VALUE   (LST)  VALUE       VALUE  FROM      YEAR
                                                  NORMAL
..................................................................
TEMPERATURE (F)
 YESTERDAY
  MAXIMUM         50        MM  56    1948  41      9       49
  MINIMUM         33        MM  15    1976  31      2       35
  AVERAGE         42                        36      6       42

PRECIPITATION (IN)
  YESTERDAY        0.25          1.34 2009   0.08   0.17     0.01
  MONTH TO DATE    3.32                      2.04   1.28     0.94
  SINCE MAR 1      5.94                      4.74   1.20     0.98
  SINCE JAN 1     11.79                     10.88   0.91     7.96

SNOWFALL (IN)
  YESTERDAY        T             4.3  2006   0.2   -0.2      0.0
  MONTH TO DATE    T                         6.0   -6.0      2.6
  SINCE MAR 1      6.2                      19.0  -12.8      2.9
  SINCE JUL 1     41.4                      71.2  -29.8     39.5
  SNOW DEPTH       0

DEGREE DAYS
 HEATING
  YESTERDAY       23                        29     -6       23
  MONTH TO DATE  679                       788   -109      739
  SINCE MAR 1   1603                      1870   -267     1935
  SINCE JUL 1   7146                      8088   -942     7495

 COOLING
  YESTERDAY        0                         0      0        0
  MONTH TO DATE    0                         0      0        0
  SINCE MAR 1      0                         0      0        0
  SINCE JAN 1      0                         0      0        0
..................................................................


WIND (MPH)
  RESULTANT WIND SPEED  16   RESULTANT WIND DIRECTION  SW (210)
  HIGHEST WIND SPEED    30   HIGHEST WIND DIRECTION    SW (210)
  HIGHEST GUST SPEED    48   HIGHEST GUST DIRECTION    SW (210)
  AVERAGE WIND SPEED    17.5



WEATHER CONDITIONS
 THE FOLLOWING WEATHER WAS RECORDED YESTERDAY.
  HEAVY RAIN
  RAIN
  LIGHT RAIN
  LIGHT SNOW
  FOG


RELATIVE HUMIDITY (PERCENT)
 HIGHEST    92
 LOWEST     49
 AVERAGE    71

..........................................................


THE COLD BAY CLIMATE NORMALS FOR TODAY
                         NORMAL    RECORD    YEAR
 MAXIMUM TEMPERATURE (F)   41        60      1948
 MINIMUM TEMPERATURE (F)   31        13      2006


SUNRISE AND SUNSET
APRIL 26 2018.........SUNRISE   721 AM AKDT  SUNSET  1018 PM AKDT
APRIL 27 2018.........SUNRISE   718 AM AKDT  SUNSET  1020 PM AKDT


-  INDICATES NEGATIVE NUMBERS.
R  INDICATES RECORD WAS SET OR TIED.
MM INDICATES DATA IS MISSING.
T  INDICATES TRACE AMOUNT.




$$
