798
CDUS45 KSLC 261228
CLICDC


CLIMATE REPORT
NATIONAL WEATHER SERVICE SALT LAKE CITY UT
628 AM MDT SAT MAY 26 2018


...................................

...THE CEDAR CITY UT CLIMATE SUMMARY FOR MAY 25 2018...

CLIMATE NORMAL PERIOD 1981 TO 2010
CLIMATE RECORD PERIOD 1928 TO 2018


WEATHER ITEM   OBSERVED TIME   RECORD YEAR NORMAL DEPARTURE LAST
                VALUE   (LST)  VALUE       VALUE  FROM      YEAR
                                                  NORMAL
..................................................................
TEMPERATURE (F)
 YESTERDAY
  MAXIMUM         83    346 PM  90    2001  76      7       81
  MINIMUM         51    230 AM  27    2010  41     10       51
  AVERAGE         67                        58      9       66

PRECIPITATION (IN)
  YESTERDAY        0.00          0.48 1965   0.03  -0.03      T
  MONTH TO DATE    0.41                      0.62  -0.21     0.82
  SINCE OCT 1      4.76                      8.00  -3.24     8.25
  SINCE JAN 1      4.21                      4.89  -0.68     5.42

DEGREE DAYS
 HEATING
  YESTERDAY        0                         7     -7        0
  MONTH TO DATE  173                       255    -82      248
  SINCE MAR 1   1294                      1579   -285     1382
  SINCE JUL 1   5277                      6141   -864     5403

 COOLING
  YESTERDAY        2                         0      2        1
  MONTH TO DATE   11                         0     11        2
  SINCE MAR 1     11                         0     11        2
  SINCE JAN 1     11                         0     11        2
..................................................................


WIND (MPH)
  RESULTANT WIND SPEED  13   RESULTANT WIND DIRECTION   S (200)
  HIGHEST WIND SPEED    36   HIGHEST WIND DIRECTION     S (200)
  HIGHEST GUST SPEED    43   HIGHEST GUST DIRECTION     S (200)
  AVERAGE WIND SPEED    13.9



WEATHER CONDITIONS
 THE FOLLOWING WEATHER WAS RECORDED YESTERDAY.
  NO SIGNIFICANT WEATHER WAS OBSERVED.


RELATIVE HUMIDITY (PERCENT)
 HIGHEST    38           400 AM
 LOWEST      9           200 PM
 AVERAGE    24

..........................................................


THE CEDAR CITY UT CLIMATE NORMALS FOR TODAY
                         NORMAL    RECORD    YEAR
 MAXIMUM TEMPERATURE (F)   76        91      1951
 MINIMUM TEMPERATURE (F)   42        28      1980


SUNRISE AND SUNSET
MAY 26 2018...........SUNRISE   615 AM MDT   SUNSET   844 PM MDT
MAY 27 2018...........SUNRISE   615 AM MDT   SUNSET   845 PM MDT


-  INDICATES NEGATIVE NUMBERS.
R  INDICATES RECORD WAS SET OR TIED.
MM INDICATES DATA IS MISSING.
T  INDICATES TRACE AMOUNT.




$$
