000
CDUS44 KLUB 270630
CLICDS


CLIMATE REPORT
NATIONAL WEATHER SERVICE LUBBOCK, TX
128 AM CDT SUN MAY 27 2018


...................................

...THE CHILDRESS CLIMATE SUMMARY FOR MAY 26 2018...

CLIMATE NORMAL PERIOD 1981 TO 2010
CLIMATE RECORD PERIOD 1893 TO 2018


WEATHER ITEM   OBSERVED TIME   RECORD YEAR NORMAL DEPARTURE LAST
                VALUE   (LST)  VALUE       VALUE  FROM      YEAR
                                                  NORMAL
..................................................................
TEMPERATURE (F)
 YESTERDAY
  MAXIMUM         93    422 PM 102    1953  87      6       94
                                      1945
  MINIMUM         67    555 AM  47    1992  61      6       65
                                      1950
  AVERAGE         80                        74      6       80

PRECIPITATION (IN)
  YESTERDAY        0.00          2.00 1919   0.12  -0.12     0.00
  MONTH TO DATE    5.14                      2.50   2.64     1.03
  SINCE MAR 1      5.82                      6.15  -0.33     5.05
  SINCE JAN 1      6.07                      7.93  -1.86     9.27

SNOWFALL (IN)
  YESTERDAY        0.0                       0.0    0.0      0.0
  MONTH TO DATE    0.0                       0.0    0.0      0.0
  SINCE MAR 1      T                         0.6   -0.6      0.0
  SINCE JUL 1      1.0                       7.0   -6.0      1.5
  SNOW DEPTH       0

DEGREE DAYS
 HEATING
  YESTERDAY        0                         0      0        0
  MONTH TO DATE    0                        27    -27       21
  SINCE MAR 1    489                       555    -66      380
  SINCE JUL 1   2930                      3115   -185     2328

 COOLING
  YESTERDAY       15                         9      6       15
  MONTH TO DATE  329                       170    159      146
  SINCE MAR 1    427                       260    167      281
  SINCE JAN 1    438                       261    177      296
..................................................................


WIND (MPH)
  RESULTANT WIND SPEED   7   RESULTANT WIND DIRECTION  SE (130)
  HIGHEST WIND SPEED    17   HIGHEST WIND DIRECTION    SE (130)
  HIGHEST GUST SPEED    21   HIGHEST GUST DIRECTION    SE (130)
  AVERAGE WIND SPEED     8.0


SKY COVER
  AVERAGE SKY COVER 0.0


WEATHER CONDITIONS
 THE FOLLOWING WEATHER WAS RECORDED YESTERDAY.
  NO SIGNIFICANT WEATHER WAS OBSERVED.


RELATIVE HUMIDITY (PERCENT)
 HIGHEST    81           600 AM
 LOWEST     39           400 PM
 AVERAGE    60

..........................................................


THE CHILDRESS CLIMATE NORMALS FOR TODAY
                         NORMAL    RECORD    YEAR
 MAXIMUM TEMPERATURE (F)   87       105      2011
                                             1945
 MINIMUM TEMPERATURE (F)   62        41      1907


SUNRISE AND SUNSET
MAY 27 2018...........SUNRISE   632 AM CDT   SUNSET   845 PM CDT
MAY 28 2018...........SUNRISE   631 AM CDT   SUNSET   846 PM CDT


-  INDICATES NEGATIVE NUMBERS.
R  INDICATES RECORD WAS SET OR TIED.
MM INDICATES DATA IS MISSING.
T  INDICATES TRACE AMOUNT.




$$
