000
CDUS41 KLWX 210537
CLICHO


CLIMATE REPORT
NATIONAL WEATHER SERVICE BALTIMORE MD/WASHINGTON DC
129 AM EDT SAT APR 21 2018


...................................

...THE CHARLOTTESVILLE VA CLIMATE SUMMARY FOR APRIL 20 2018...

CLIMATE NORMAL PERIOD 1981 TO 2010
CLIMATE RECORD PERIOD 1998 TO 2018


WEATHER ITEM   OBSERVED TIME   RECORD YEAR NORMAL DEPARTURE LAST
                VALUE   (LST)  VALUE       VALUE  FROM      YEAR
                                                  NORMAL
..................................................................
TEMPERATURE (F)
 YESTERDAY
  MAXIMUM         65    417 PM  MM      MM  69     -4       86
  MINIMUM         34    240 AM  MM      MM  44    -10       55
  AVERAGE         50                        57     -7       71

PRECIPITATION (IN)
  YESTERDAY        0.00                      0.12  -0.12     0.22
  MONTH TO DATE    2.15                      2.26  -0.11     1.33
  SINCE MAR 1      3.96                      5.92  -1.96     4.06
  SINCE JAN 1      9.82                     11.39  -1.57     7.30

DEGREE DAYS
 HEATING
  YESTERDAY       15                         9      6        0
  MONTH TO DATE  244                       230     14       87
  SINCE MAR 1    903                       822     81      591
  SINCE JUL 1   3786                      4234   -448     2964

 COOLING
  YESTERDAY        0                         1     -1        6
  MONTH TO DATE   16                        12      4       40
  SINCE MAR 1     16                        14      2       44
  SINCE JAN 1     21                        14      7       45
..................................................................


WIND (MPH)
  HIGHEST WIND SPEED    15   HIGHEST WIND DIRECTION     N (350)
  HIGHEST GUST SPEED    27   HIGHEST GUST DIRECTION    NW (330)
  AVERAGE WIND SPEED     6.8


SKY COVER
  POSSIBLE SUNSHINE  MM
  AVERAGE SKY COVER 0.0


WEATHER CONDITIONS
 THE FOLLOWING WEATHER WAS RECORDED YESTERDAY.
  NO SIGNIFICANT WEATHER WAS OBSERVED.


RELATIVE HUMIDITY (PERCENT)
 HIGHEST    64           300 AM
 LOWEST     16           400 PM
 AVERAGE    40

..........................................................


THE CHARLOTTESVILLE VA CLIMATE NORMALS FOR TODAY
                         NORMAL    RECORD    YEAR
 MAXIMUM TEMPERATURE (F)   69        MM        MM
 MINIMUM TEMPERATURE (F)   45        MM        MM


SUNRISE AND SUNSET
APRIL 21 2018.........SUNRISE   630 AM EDT   SUNSET   756 PM EDT
APRIL 22 2018.........SUNRISE   629 AM EDT   SUNSET   757 PM EDT


-  INDICATES NEGATIVE NUMBERS.
R  INDICATES RECORD WAS SET OR TIED.
MM INDICATES DATA IS MISSING.
T  INDICATES TRACE AMOUNT.




$$
