000
CDUS41 KILN 210534
CLICMH


CLIMATE REPORT
NATIONAL WEATHER SERVICE WILMINGTON OH
130 AM EDT MON MAY 21 2018


...................................

...THE COLUMBUS OH CLIMATE SUMMARY FOR MAY 20 2018...

CLIMATE NORMAL PERIOD 1981 TO 2010
CLIMATE RECORD PERIOD 1869 TO 2018


WEATHER ITEM   OBSERVED TIME   RECORD YEAR NORMAL DEPARTURE LAST
                VALUE   (LST)  VALUE       VALUE  FROM      YEAR
                                                  NORMAL
..................................................................
TEMPERATURE (F)
 YESTERDAY
  MAXIMUM         79    516 PM  91    1962  74      5       76
  MINIMUM         65   1159 PM  36    1929  53     12       54
                                      1894
  AVERAGE         72                        64      8       65

PRECIPITATION (IN)
  YESTERDAY        0.00          1.44 1984   0.15  -0.15     0.02
  MONTH TO DATE    1.34                      2.59  -1.25     3.68
  SINCE MAR 1      9.53                      9.01   0.52    11.66
  SINCE JAN 1     17.17                     13.99   3.18    17.12

SNOWFALL (IN)
  YESTERDAY        0.0           0.0    MM   0.0    0.0      0.0
  MONTH TO DATE    0.0                       0.0    0.0      0.0
  SINCE MAR 1      6.1                       5.3    0.8      1.7
  SINCE JUL 1     30.7                      26.7    4.0      9.3
  SNOW DEPTH       0

DEGREE DAYS
 HEATING
  YESTERDAY        0                         4     -4        0
  MONTH TO DATE   10                       113   -103      127
  SINCE MAR 1   1345                      1200    145      994
  SINCE JUL 1   5192                      5195     -3     4263

 COOLING
  YESTERDAY        7                         3      4        0
  MONTH TO DATE  112                        32     80       42
  SINCE MAR 1    121                        44     77       86
  SINCE JAN 1    125                        44     81       90
..................................................................


WIND (MPH)
  RESULTANT WIND SPEED   4   RESULTANT WIND DIRECTION   N (360)
  HIGHEST WIND SPEED    13   HIGHEST WIND DIRECTION     N (360)
  HIGHEST GUST SPEED    16   HIGHEST GUST DIRECTION    NW (330)
  AVERAGE WIND SPEED     6.2


SKY COVER
  POSSIBLE SUNSHINE  MM
  AVERAGE SKY COVER 0.6


WEATHER CONDITIONS
 THE FOLLOWING WEATHER WAS RECORDED YESTERDAY.
  FOG
  HAZE


RELATIVE HUMIDITY (PERCENT)
 HIGHEST    93           200 AM
 LOWEST     54           300 PM
 AVERAGE    74

..........................................................


THE COLUMBUS OH CLIMATE NORMALS FOR TODAY
                         NORMAL    RECORD    YEAR
 MAXIMUM TEMPERATURE (F)   74        92      1941
 MINIMUM TEMPERATURE (F)   54        34      1883


SUNRISE AND SUNSET
MAY 21 2018...........SUNRISE   611 AM EDT   SUNSET   845 PM EDT
MAY 22 2018...........SUNRISE   611 AM EDT   SUNSET   846 PM EDT


-  INDICATES NEGATIVE NUMBERS.
R  INDICATES RECORD WAS SET OR TIED.
MM INDICATES DATA IS MISSING.
T  INDICATES TRACE AMOUNT.




$$
