000
CDUS41 KGYX 230805
CLICON


CLIMATE REPORT
NATIONAL WEATHER SERVICE GRAY ME
404 AM EDT MON APR 23 2018


...................................

...THE CONCORD NH CLIMATE SUMMARY FOR APRIL 22 2018...

CLIMATE NORMAL PERIOD 1981 TO 2010
CLIMATE RECORD PERIOD 1868 TO 2018


WEATHER ITEM   OBSERVED TIME   RECORD YEAR NORMAL DEPARTURE LAST
                VALUE   (LST)  VALUE       VALUE  FROM      YEAR
                                                  NORMAL
..................................................................
TEMPERATURE (F)
 YESTERDAY
  MAXIMUM         61    309 PM  86    1973  61      0       47
  MINIMUM         25    504 AM  16    1947  35    -10       39
  AVERAGE         43                        48     -5       43

PRECIPITATION (IN)
  YESTERDAY        0.00          1.08 2003   0.11  -0.11      T
  MONTH TO DATE    3.15                      2.50   0.65     3.30
  SINCE MAR 1      5.73                      5.77  -0.04     7.28
  SINCE JAN 1     12.49                     11.09   1.40    12.23

SNOWFALL (IN)
  YESTERDAY        0.0           3.8  1928   0.0    0.0      0.0
  MONTH TO DATE    1.7                       2.6   -0.9      6.9
  SINCE MAR 1     30.4                      13.7   16.7     29.3
  SINCE JUL 1     87.9                      61.2   26.7     86.3
  SNOW DEPTH       0

DEGREE DAYS
 HEATING
  YESTERDAY       22                        17      5       22
  MONTH TO DATE  578                       474    104      396
  SINCE MAR 1   1547                      1461     86     1500
  SINCE JUL 1   6344                      6721   -377     5998

 COOLING
  YESTERDAY        0                         0      0        0
  MONTH TO DATE    0                         0      0        2
  SINCE MAR 1      0                         0      0        2
  SINCE JAN 1      0                         0      0        2
..................................................................


WIND (MPH)
  RESULTANT WIND SPEED   5   RESULTANT WIND DIRECTION  NW (320)
  HIGHEST WIND SPEED    18   HIGHEST WIND DIRECTION    NW (320)
  HIGHEST GUST SPEED    28   HIGHEST GUST DIRECTION    NW (330)
  AVERAGE WIND SPEED     5.3


SKY COVER
  AVERAGE SKY COVER 0.0


WEATHER CONDITIONS
 THE FOLLOWING WEATHER WAS RECORDED YESTERDAY.
  NO SIGNIFICANT WEATHER WAS OBSERVED.


RELATIVE HUMIDITY (PERCENT)
 HIGHEST    81           300 AM
 LOWEST     16           300 PM
 AVERAGE    49

..........................................................


THE CONCORD NH CLIMATE NORMALS FOR TODAY
                         NORMAL    RECORD    YEAR
 MAXIMUM TEMPERATURE (F)   61        88      1885
 MINIMUM TEMPERATURE (F)   35        20      1975


SUNRISE AND SUNSET
APRIL 23 2018.........SUNRISE   551 AM EDT   SUNSET   738 PM EDT
APRIL 24 2018.........SUNRISE   550 AM EDT   SUNSET   739 PM EDT


-  INDICATES NEGATIVE NUMBERS.
R  INDICATES RECORD WAS SET OR TIED.
MM INDICATES DATA IS MISSING.
T  INDICATES TRACE AMOUNT.




$$
