000
CDUS46 KLOX 240116
CLICQT


CLIMATE REPORT
NATIONAL WEATHER SERVICE LOS ANGELES/OXNARD CA
615 PM PDT WED MAY 23 2018


...................................

...THE DOWNTOWN LOS ANGELES (USC) CA CLIMATE SUMMARY FOR MAY 23 2018...
VALID TODAY AS OF 0600 PM LOCAL TIME.

CLIMATE NORMAL PERIOD 1981 TO 2010
CLIMATE RECORD PERIOD 1877 TO 2018


WEATHER ITEM   OBSERVED TIME   RECORD YEAR NORMAL DEPARTURE LAST
                VALUE   (LST)  VALUE       VALUE  FROM      YEAR
                                                  NORMAL
..................................................................
TEMPERATURE (F)
 TODAY
  MAXIMUM         69    252 PM  92    1932  75     -6       82
  MINIMUM         59    330 AM  41    1881  58      1       59
  AVERAGE         64                        66     -2       71

PRECIPITATION (IN)
  TODAY            0.00          0.10 1977   0.01  -0.01     0.00
  MONTH TO DATE    0.09                      0.22  -0.13     0.32
  SINCE OCT 1      4.72                     14.51  -9.79    18.99
  SINCE JAN 1      4.60                     10.48  -5.88    13.04

SNOWFALL (IN)
  TODAY            0.0
  MONTH TO DATE    0.0
  SINCE MAR 1      0.0
  SINCE JUL 1      0.0

DEGREE DAYS
 HEATING
  TODAY            1                         1      0        0
  MONTH TO DATE   28                        36     -8       23
  SINCE MAR 1    229                       294    -65       77
  SINCE JUL 1    640                      1069   -429      729

 COOLING
  TODAY            0                         2     -2        6
  MONTH TO DATE   32                        46    -14       82
  SINCE MAR 1     77                       110    -33      254
  SINCE JAN 1    113                       133    -20      262
..................................................................


WIND (MPH)
  HIGHEST WIND SPEED    12   HIGHEST WIND DIRECTION     W (270)
  HIGHEST GUST SPEED    18   HIGHEST GUST DIRECTION     W (270)
  AVERAGE WIND SPEED     1.6


SKY COVER
  POSSIBLE SUNSHINE  MM
  AVERAGE SKY COVER 0.9


WEATHER CONDITIONS
 THE FOLLOWING WEATHER WAS RECORDED TODAY.
  NO SIGNIFICANT WEATHER WAS OBSERVED.


RELATIVE HUMIDITY (PERCENT)
 HIGHEST    78          1200 AM
 LOWEST     61           300 PM
 AVERAGE    70

..........................................................


THE DOWNTOWN LOS ANGELES (USC) CA CLIMATE NORMALS FOR TOMORROW
                         NORMAL    RECORD    YEAR
 MAXIMUM TEMPERATURE (F)   75        95      1896
 MINIMUM TEMPERATURE (F)   58        45      1888


SUNRISE AND SUNSET
MAY 23 2018...........SUNRISE   547 AM PDT   SUNSET   754 PM PDT
MAY 24 2018...........SUNRISE   546 AM PDT   SUNSET   754 PM PDT


-  INDICATES NEGATIVE NUMBERS.
R  INDICATES RECORD WAS SET OR TIED.
MM INDICATES DATA IS MISSING.
T  INDICATES TRACE AMOUNT.




$$
