000
CDUS42 KILM 240845
CLICRE


CLIMATE REPORT
NATIONAL WEATHER SERVICE WILMINGTON NC
444 AM EDT THU MAY 24 2018


...................................

...THE N.MYRTLE BEACH SOUTH CAROLINA CLIMATE SUMMARY FOR MAY 23 2018...

CLIMATE NORMAL PERIOD 1981 TO 2010
CLIMATE RECORD PERIOD 1949 TO 2018


WEATHER ITEM   OBSERVED TIME   RECORD YEAR NORMAL DEPARTURE LAST
                VALUE   (LST)  VALUE       VALUE  FROM      YEAR
                                                  NORMAL
..................................................................
TEMPERATURE (F)
 YESTERDAY
  MAXIMUM         83   1033 AM  94    1953  80      3       80
  MINIMUM         72   1159 PM  43    1954  63      9       69
  AVERAGE         78                        72      6       75

PRECIPITATION (IN)
  YESTERDAY        0.03          1.38 2003   0.10  -0.07     1.33
  MONTH TO DATE    2.71                      2.37   0.34     3.03
  SINCE MAR 1      9.78                      9.25   0.53     8.41
  SINCE JAN 1     15.49                     16.36  -0.87    11.94

DEGREE DAYS
 HEATING
  YESTERDAY        0                         0      0        0
  MONTH TO DATE    4                        23    -19       10
  SINCE MAR 1    574                       502     72      402
  SINCE JUL 1   2338                      2446   -108     1806

 COOLING
  YESTERDAY       13                         7      6       10
  MONTH TO DATE  171                       108     63      160
  SINCE MAR 1    195                       150     45      275
  SINCE JAN 1    215                       150     65      276
..................................................................


WIND (MPH)
  RESULTANT WIND SPEED  10   RESULTANT WIND DIRECTION  SW (220)
  HIGHEST WIND SPEED    23   HIGHEST WIND DIRECTION    SW (210)
  HIGHEST GUST SPEED    27   HIGHEST GUST DIRECTION    SW (220)
  AVERAGE WIND SPEED    10.7


SKY COVER
  POSSIBLE SUNSHINE  MM
  AVERAGE SKY COVER 0.2


WEATHER CONDITIONS
 THE FOLLOWING WEATHER WAS RECORDED YESTERDAY.
  THUNDERSTORM
  LIGHT RAIN
  FOG


RELATIVE HUMIDITY (PERCENT)
 HIGHEST    93          1200 AM
 LOWEST     69           200 PM
 AVERAGE    81

..........................................................


THE N.MYRTLE BEACH SOUTH CAROLINA CLIMATE NORMALS FOR TODAY
                         NORMAL    RECORD    YEAR
 MAXIMUM TEMPERATURE (F)   80        90      1949
 MINIMUM TEMPERATURE (F)   63        46      1954


SUNRISE AND SUNSET
MAY 24 2018...........SUNRISE   608 AM EDT   SUNSET   815 PM EDT
MAY 25 2018...........SUNRISE   608 AM EDT   SUNSET   816 PM EDT


-  INDICATES NEGATIVE NUMBERS.
R  INDICATES RECORD WAS SET OR TIED.
MM INDICATES DATA IS MISSING.
T  INDICATES TRACE AMOUNT.




$$
