000
CDUS44 KCRP 260650
CLICRP

CLIMATE REPORT
NATIONAL WEATHER SERVICE CORPUS CHRISTI TX
150 AM CDT THU APR 26 2018


...THE CORPUS CHRISTI CLIMATE SUMMARY FOR APRIL 25 2018...

CLIMATE NORMAL PERIOD 1981 TO 2010
CLIMATE RECORD PERIOD 1887 TO 2018


WEATHER ITEM   OBSERVED TIME   RECORD YEAR NORMAL DEPARTURE LAST
                VALUE   (LST)  VALUE       VALUE  FROM      YEAR
                                                  NORMAL
..................................................................
TEMPERATURE (F)
 YESTERDAY
  MAXIMUM         86    108 PM  99    2003  83      3       88
  MINIMUM         63    604 AM  49    1983  65     -2       67
  AVERAGE         75                        74      1       78

PRECIPITATION (IN)
  YESTERDAY        0.12          6.18 2004   0.07   0.05     0.00
  MONTH TO DATE    0.24                      1.48  -1.24     2.19
  SINCE MAR 1      2.25                      3.37  -1.12     7.18
  SINCE JAN 1      3.98                      6.84  -2.86    10.02

SNOWFALL (IN)
  YESTERDAY        0.0
  MONTH TO DATE    0.0
  SINCE MAR 1      0.0
  SINCE JUL 1      1.0
  SNOW DEPTH       0

DEGREE DAYS
 HEATING
  YESTERDAY        0                         0      0        0
  MONTH TO DATE   17                        15      2        0
  SINCE MAR 1     42                        96    -54       16
  SINCE JUL 1    871                       896    -25      368

 COOLING
  YESTERDAY       10                         9      1       13
  MONTH TO DATE  165                       187    -22      234
  SINCE MAR 1    370                       302     68      437
  SINCE JAN 1    492                       378    114      706
..................................................................


WIND (MPH)
  HIGHEST WIND SPEED    23   HIGHEST WIND DIRECTION    SE (140)
  HIGHEST GUST SPEED    26   HIGHEST GUST DIRECTION    SE (140)
  AVERAGE WIND SPEED    11.4


SKY COVER
  POSSIBLE SUNSHINE  MM
  AVERAGE SKY COVER 0.5


WEATHER CONDITIONS
 THE FOLLOWING WEATHER WAS RECORDED YESTERDAY.
  THUNDERSTORM
  LIGHT RAIN
  FOG


RELATIVE HUMIDITY (PERCENT)
 HIGHEST   100           200 AM
 LOWEST     44          1100 AM
 AVERAGE    72

..........................................................


THE CORPUS CHRISTI CLIMATE NORMALS FOR TODAY
                         NORMAL    RECORD    YEAR
 MAXIMUM TEMPERATURE (F)   83       102      1984
 MINIMUM TEMPERATURE (F)   66        51      1952


SUNRISE AND SUNSET
APRIL 26 2018.........SUNRISE   655 AM CDT   SUNSET   801 PM CDT
APRIL 27 2018.........SUNRISE   654 AM CDT   SUNSET   802 PM CDT


-  INDICATES NEGATIVE NUMBERS.
R  INDICATES RECORD WAS SET OR TIED.
MM INDICATES DATA IS MISSING.
T  INDICATES TRACE AMOUNT.

$$

TMT
