000
CDUS45 KTFX 230754
CLICTB


CLIMATE REPORT
NATIONAL WEATHER SERVICE GREAT FALLS MT
152 AM MDT MON APR 23 2018


...................................

...THE CUT BANK MT CLIMATE SUMMARY FOR APRIL 22 2018...

CLIMATE NORMAL PERIOD 1981 TO 2010
CLIMATE RECORD PERIOD 1903 TO 2018


WEATHER ITEM   OBSERVED TIME   RECORD YEAR NORMAL DEPARTURE LAST
                VALUE   (LST)  VALUE       VALUE  FROM      YEAR
                                                  NORMAL
..................................................................
TEMPERATURE (F)
 YESTERDAY
  MAXIMUM         55    112 PM  78    1969  55      0       58
  MINIMUM         29   1159 PM  -5    1967  30     -1       30
  AVERAGE         42                        43     -1       44

PRECIPITATION (IN)
  YESTERDAY        0.00          0.56 1932   0.03  -0.03     0.00
  MONTH TO DATE    0.34                      0.51  -0.17     1.67
  SINCE OCT 1      4.72                      2.44   2.28     4.98
  SINCE JAN 1      2.61                      1.42   1.19     3.55

SNOWFALL (IN)
  YESTERDAY       MM
  SNOW DEPTH       0

DEGREE DAYS
 HEATING
  YESTERDAY       23                        22      1       21
  MONTH TO DATE  747                       553    194      506
  SINCE MAR 1   2011                      1591    420     1527
  SINCE JUL 1   8529                      7651    878     7878

 COOLING
  YESTERDAY        0                         0      0        0
  MONTH TO DATE    0                         0      0        0
  SINCE MAR 1      0                         0      0        0
  SINCE JAN 1      0                         0      0        0
..................................................................


WIND (MPH)
  HIGHEST WIND SPEED    21   HIGHEST WIND DIRECTION     W (270)
  HIGHEST GUST SPEED    27   HIGHEST GUST DIRECTION     W (250)
  AVERAGE WIND SPEED    12.8


SKY COVER
  AVERAGE SKY COVER 0.0


WEATHER CONDITIONS
 THE FOLLOWING WEATHER WAS RECORDED YESTERDAY.
  NO SIGNIFICANT WEATHER WAS OBSERVED.


RELATIVE HUMIDITY (PERCENT)
 HIGHEST    61           600 AM
 LOWEST     19           300 PM
 AVERAGE    40

..........................................................


THE CUT BANK MT CLIMATE NORMALS FOR TODAY
                         NORMAL    RECORD    YEAR
 MAXIMUM TEMPERATURE (F)   56        82      2012
 MINIMUM TEMPERATURE (F)   31         8      2009


SUNRISE AND SUNSET
APRIL 23 2018.........SUNRISE   624 AM MDT   SUNSET   833 PM MDT
APRIL 24 2018.........SUNRISE   622 AM MDT   SUNSET   834 PM MDT


-  INDICATES NEGATIVE NUMBERS.
R  INDICATES RECORD WAS SET OR TIED.
MM INDICATES DATA IS MISSING.
T  INDICATES TRACE AMOUNT.




$$
