000
CDUS42 KTAE 220636
CLICTY


CLIMATE REPORT
NATIONAL WEATHER SERVICE TALLAHASSEE FL
236 AM EDT SUN APR 22 2018


...................................

...THE CROSS CITY  CLIMATE SUMMARY FOR APRIL 21 2018...

CLIMATE NORMAL PERIOD 1981 TO 2010
CLIMATE RECORD PERIOD 1948 TO 2018


WEATHER ITEM   OBSERVED TIME   NORMAL DEPARTURE LAST
                VALUE   (LST)  VALUE  FROM      YEAR
                                      NORMAL
......................................................
TEMPERATURE (F)
 YESTERDAY
  MAXIMUM         83    155 PM  81      2       86
  MINIMUM         60   1215 AM  55      5       54
  AVERAGE         72            68      4

PRECIPITATION (IN)
  YESTERDAY        0.00          0.08  -0.08     0.00
  MONTH TO DATE    6.31          2.43   3.88     2.11
  SINCE MAR 1     10.64          6.64   4.00     2.97
  SINCE JAN 1     18.32         13.95   4.37     5.52

DEGREE DAYS
 HEATING
  YESTERDAY        0             1     -1
  MONTH TO DATE   29            42    -13
  SINCE MAR 1    215           177     38
  SINCE JUL 1   1164          1297   -133

 COOLING
  YESTERDAY        7             4      3
  MONTH TO DATE   62            66     -4
  SINCE MAR 1     83           113    -30
  SINCE JAN 1    194           140     54
......................................................


WIND (MPH)
  RESULTANT WIND SPEED   9   RESULTANT WIND DIRECTION  NE (60)
  HIGHEST WIND SPEED    14   HIGHEST WIND DIRECTION    NE (60)
  HIGHEST GUST SPEED    21   HIGHEST GUST DIRECTION    NE (40)
  AVERAGE WIND SPEED     9.4



WEATHER CONDITIONS
 THE FOLLOWING WEATHER WAS RECORDED YESTERDAY.
  NO SIGNIFICANT WEATHER WAS OBSERVED.


RELATIVE HUMIDITY (PERCENT)
 HIGHEST    90
 LOWEST     55

..........................................................




SUNRISE AND SUNSET
APRIL 22 2018.........SUNRISE   659 AM EDT   SUNSET   804 PM EDT
APRIL 23 2018.........SUNRISE   658 AM EDT   SUNSET   804 PM EDT


-  INDICATES NEGATIVE NUMBERS.
R  INDICATES RECORD WAS SET OR TIED.
MM INDICATES DATA IS MISSING.
T  INDICATES TRACE AMOUNT.




$$
