000
CDUS46 KSGX 261133
CLICZZ


CLIMATE REPORT
NATIONAL WEATHER SERVICE SAN DIEGO, CA
433 AM PDT THU APR 26 2018


...................................

...THE CAMPO ASOS CA CLIMATE SUMMARY FOR APRIL 25 2018...

CLIMATE NORMAL PERIOD 1981 TO 2010
CLIMATE RECORD PERIOD 1948 TO 2018


WEATHER ITEM   OBSERVED TIME   RECORD YEAR NORMAL DEPARTURE LAST
                VALUE   (LST)  VALUE       VALUE  FROM      YEAR
                                                  NORMAL
..................................................................
TEMPERATURE (F)
 YESTERDAY
  MAXIMUM         80    141 PM  90    2000  75      5       65
  MINIMUM         36    530 AM  23    1961  39     -3       43
  AVERAGE         58                        57      1       54

PRECIPITATION (IN)
  YESTERDAY        0.00          0.80 1951   0.02  -0.02     0.00
  MONTH TO DATE    0.03                      0.85  -0.82     0.00
  SINCE OCT 1      4.26                     13.97  -9.71    15.69
  SINCE JAN 1      3.91                      9.75  -5.84    10.46

DEGREE DAYS
 HEATING
  YESTERDAY        7                         8     -1       11
  MONTH TO DATE  198                       261    -63      234
  SINCE MAR 1    616                       678    -62      543
  SINCE JUL 1   2238                      2729   -491     2453

 COOLING
  YESTERDAY        0                         0      0        0
  MONTH TO DATE    0                         0      0        2
  SINCE MAR 1      0                         0      0        2
  SINCE JAN 1      0                         0      0        2
..................................................................


WIND (MPH)
  RESULTANT WIND SPEED   3   RESULTANT WIND DIRECTION  SW (210)
  HIGHEST WIND SPEED    18   HIGHEST WIND DIRECTION    SW (220)
  HIGHEST GUST SPEED    24   HIGHEST GUST DIRECTION     S (200)
  AVERAGE WIND SPEED     8.3


SKY COVER
  POSSIBLE SUNSHINE  MM
  AVERAGE SKY COVER 0.0



RELATIVE HUMIDITY (PERCENT)
 HIGHEST    79           300 AM
 LOWEST     12          1000 AM
 AVERAGE    46

..........................................................


THE CAMPO ASOS CA CLIMATE NORMALS FOR TODAY
                         NORMAL    RECORD    YEAR
 MAXIMUM TEMPERATURE (F)   75        95      1996
 MINIMUM TEMPERATURE (F)   39        21      1974


SUNRISE AND SUNSET
APRIL 26 2018.........SUNRISE   604 AM PDT   SUNSET   724 PM PDT
APRIL 27 2018.........SUNRISE   603 AM PDT   SUNSET   725 PM PDT


-  INDICATES NEGATIVE NUMBERS.
R  INDICATES RECORD WAS SET OR TIED.
MM INDICATES DATA IS MISSING.
T  INDICATES TRACE AMOUNT.




$$
