000
CDUS42 KMLB 202017
CLIDAB


CLIMATE REPORT
NATIONAL WEATHER SERVICE MELBOURNE FL
417 PM EDT SUN MAY 20 2018


...................................

...THE DAYTONA BEACH CLIMATE SUMMARY FOR MAY 20 2018...
VALID TODAY AS OF 0400 PM LOCAL TIME.

CLIMATE NORMAL PERIOD 1981 TO 2010
CLIMATE RECORD PERIOD 1923 TO 2018


WEATHER ITEM   OBSERVED TIME   RECORD YEAR NORMAL DEPARTURE LAST
                VALUE   (LST)  VALUE       VALUE  FROM      YEAR
                                                  NORMAL
..................................................................
TEMPERATURE (F)
 TODAY
  MAXIMUM         77   1255 PM  94    2008  86     -9       88
                                      2006
                                      1985
  MINIMUM         69    618 AM  54    2007  67      2       76
                                      1984
                                      1940
  AVERAGE         73                        76     -3       82

PRECIPITATION (IN)
  TODAY            0.48          6.37 2009   0.10   0.38      T
  MONTH TO DATE    5.98                      1.61   4.37     1.30
  SINCE MAR 1     11.68                      8.03   3.65     3.59
  SINCE JAN 1     18.48                     13.55   4.93     7.60

SNOWFALL (IN)
  TODAY            0.0
  MONTH TO DATE    0.0
  SINCE JUL 1      T

DEGREE DAYS
 HEATING
  TODAY            0                         0      0        0
  MONTH TO DATE    0                         0      0        0
  SINCE MAR 1    148                       125     23       95
  SINCE JUL 1    645                       807   -162      401

 COOLING
  TODAY            8                        11     -3       17
  MONTH TO DATE  173                       179     -6      203
  SINCE MAR 1    411                       401     10      549
  SINCE JAN 1    573                       466    107      669
..................................................................


WIND (MPH)
  HIGHEST WIND SPEED    12   HIGHEST WIND DIRECTION     S (160)
  HIGHEST GUST SPEED    19   HIGHEST GUST DIRECTION     S (160)
  AVERAGE WIND SPEED     3.3


SKY COVER
  AVERAGE SKY COVER 1.0


WEATHER CONDITIONS
 THE FOLLOWING WEATHER WAS RECORDED TODAY.
  HEAVY RAIN
  RAIN
  LIGHT RAIN
  FOG


RELATIVE HUMIDITY (PERCENT)
 HIGHEST   100          1200 AM
 LOWEST     93           900 AM
 AVERAGE    97

..........................................................


THE DAYTONA BEACH CLIMATE NORMALS FOR TOMORROW
                         NORMAL    RECORD    YEAR
 MAXIMUM TEMPERATURE (F)   86        97      1998
 MINIMUM TEMPERATURE (F)   67        55      1940


SUNRISE AND SUNSET
MAY 20 2018...........SUNRISE   630 AM EDT   SUNSET   812 PM EDT
MAY 21 2018...........SUNRISE   629 AM EDT   SUNSET   813 PM EDT


-  INDICATES NEGATIVE NUMBERS.
R  INDICATES RECORD WAS SET OR TIED.
MM INDICATES DATA IS MISSING.
T  INDICATES TRACE AMOUNT.




$$
