759
CDUS41 KILN 232051
CLIDAY


CLIMATE REPORT
NATIONAL WEATHER SERVICE WILMINGTON OH
451 PM EDT MON APR 23 2018


...................................

...THE DAYTON OH CLIMATE SUMMARY FOR APRIL 23 2018...
VALID TODAY AS OF 0400 PM LOCAL TIME.

CLIMATE NORMAL PERIOD 1981 TO 2010
CLIMATE RECORD PERIOD 1869 TO 2018


WEATHER ITEM   OBSERVED TIME   RECORD YEAR NORMAL DEPARTURE LAST
                VALUE   (LST)  VALUE       VALUE  FROM      YEAR
                                                  NORMAL
..................................................................
TEMPERATURE (F)
 TODAY
  MAXIMUM         63   1143 AM  86    1960  65     -2       69
                                      1925
  MINIMUM         46   1206 AM  26    1986  44      2       35
  AVERAGE         55                        54      1       52

PRECIPITATION (IN)
  TODAY            0.15          1.93 1996   0.15   0.00     0.00
  MONTH TO DATE    4.62                      3.11   1.51     2.22
  SINCE MAR 1      8.18                      6.45   1.73     7.17
  SINCE JAN 1     16.49                     11.40   5.09    12.11

SNOWFALL (IN)
  TODAY            0.0           0.5  2005   0.0    0.0      0.0
  MONTH TO DATE    3.4                       0.6    2.8       T
  SINCE MAR 1      9.2                       4.0    5.2      1.3
  SINCE JUL 1     26.7                      23.3    3.4      8.5
  SNOW DEPTH       0

DEGREE DAYS
 HEATING
  TODAY           10                        11     -1       13
  MONTH TO DATE  476                       342    134      206
  SINCE MAR 1   1346                      1106    240      937
  SINCE JUL 1   5454                      5381     73     4367

 COOLING
  TODAY            0                         1     -1        0
  MONTH TO DATE    7                         3      4       26
  SINCE MAR 1      7                         3      4       28
  SINCE JAN 1     10                         3      7       28
..................................................................


WIND (MPH)
  RESULTANT WIND SPEED  11   RESULTANT WIND DIRECTION   E (110)
  HIGHEST WIND SPEED    22   HIGHEST WIND DIRECTION    SE (130)
  HIGHEST GUST SPEED    30   HIGHEST GUST DIRECTION    SE (130)
  AVERAGE WIND SPEED    12.2


SKY COVER
  POSSIBLE SUNSHINE  MM
  AVERAGE SKY COVER 0.8


WEATHER CONDITIONS
 THE FOLLOWING WEATHER WAS RECORDED TODAY.
  LIGHT RAIN
  FOG


RELATIVE HUMIDITY (PERCENT)
 HIGHEST   100           300 PM
 LOWEST     50           300 AM
 AVERAGE    75

..........................................................


THE DAYTON OH CLIMATE NORMALS FOR TOMORROW
                         NORMAL    RECORD    YEAR
 MAXIMUM TEMPERATURE (F)   65        88      1925
 MINIMUM TEMPERATURE (F)   44        24      1911


SUNRISE AND SUNSET
APRIL 23 2018.........SUNRISE   648 AM EDT   SUNSET   823 PM EDT
APRIL 24 2018.........SUNRISE   646 AM EDT   SUNSET   824 PM EDT


-  INDICATES NEGATIVE NUMBERS.
R  INDICATES RECORD WAS SET OR TIED.
MM INDICATES DATA IS MISSING.
T  INDICATES TRACE AMOUNT.




$$
