000
CDUS43 KDVN 220903
CLIDBQ


CLIMATE REPORT
NATIONAL WEATHER SERVICE QUAD CITIES IA IL
403 AM CDT SUN APR 22 2018


...................................

...THE DUBUQUE IA CLIMATE SUMMARY FOR APRIL 21 2018...

CLIMATE NORMAL PERIOD 1981 TO 2010
CLIMATE RECORD PERIOD 1873 TO 2018


WEATHER ITEM   OBSERVED TIME   RECORD YEAR NORMAL DEPARTURE LAST
                VALUE   (LST)  VALUE       VALUE  FROM      YEAR
                                                  NORMAL
..................................................................
TEMPERATURE (F)
 YESTERDAY
  MAXIMUM         56    210 PM  85    1980  61     -5       58
                                      1902
  MINIMUM         42   1254 AM  26    1982  40      2       35
                                      1904
  AVERAGE         49                        50     -1       47

PRECIPITATION (IN)
  YESTERDAY        T             1.20 1972   0.13  -0.13     0.00
  MONTH TO DATE    1.59                      2.47  -0.88     3.76
  SINCE MAR 1      3.43                      4.88  -1.45     5.89
  SINCE JAN 1      7.48                      7.49  -0.01     9.70

SNOWFALL (IN)
  YESTERDAY        0.0          MM      MM   0.0    0.0      0.0
  MONTH TO DATE    8.6                       1.7    6.9       T
  SINCE MAR 1     16.2                       8.0    8.2      4.5
  SINCE JUL 1     38.2                      41.6   -3.4     27.1
  SNOW DEPTH       0

DEGREE DAYS
 HEATING
  YESTERDAY       16                        15      1       18
  MONTH TO DATE  672                       392    280      279
  SINCE MAR 1   1626                      1310    316     1168
  SINCE JUL 1   6931                      6703    228     5649

 COOLING
  YESTERDAY        0                         0      0        0
  MONTH TO DATE    0                         0      0        5
  SINCE MAR 1      0                         0      0        5
  SINCE JAN 1      0                         0      0        5
..................................................................


WIND (MPH)
  HIGHEST WIND SPEED    16   HIGHEST WIND DIRECTION     E (110)
  HIGHEST GUST SPEED    20   HIGHEST GUST DIRECTION    NE (60)
  AVERAGE WIND SPEED     8.2


SKY COVER
  POSSIBLE SUNSHINE  MM
  AVERAGE SKY COVER 0.6


WEATHER CONDITIONS
 THE FOLLOWING WEATHER WAS RECORDED YESTERDAY.
  LIGHT RAIN


RELATIVE HUMIDITY (PERCENT)
 HIGHEST    62           200 AM
 LOWEST     31           700 AM
 AVERAGE    47

..........................................................


THE DUBUQUE IA CLIMATE NORMALS FOR TODAY
                         NORMAL    RECORD    YEAR
 MAXIMUM TEMPERATURE (F)   61        93      1980
 MINIMUM TEMPERATURE (F)   40        25      1986


SUNRISE AND SUNSET
APRIL 22 2018.........SUNRISE   611 AM CDT   SUNSET   752 PM CDT
APRIL 23 2018.........SUNRISE   609 AM CDT   SUNSET   754 PM CDT


-  INDICATES NEGATIVE NUMBERS.
R  INDICATES RECORD WAS SET OR TIED.
MM INDICATES DATA IS MISSING.
T  INDICATES TRACE AMOUNT.




$$
