000
CDUS41 KLWX 262124
CLIDCA


CLIMATE REPORT
NATIONAL WEATHER SERVICE BALTIMORE MD/WASHINGTON DC
523 PM EDT THU APR 26 2018


...................................

...THE WASHINGTON NATIONAL DC CLIMATE SUMMARY FOR APRIL 26 2018...
VALID TODAY AS OF 0500 PM LOCAL TIME.

CLIMATE NORMAL PERIOD 1981 TO 2010
CLIMATE RECORD PERIOD 1871 TO 2018


WEATHER ITEM   OBSERVED TIME   RECORD YEAR NORMAL DEPARTURE
                VALUE   (LST)  VALUE       VALUE  FROM
                                                  NORMAL
...............................................................
TEMPERATURE (F)
 TODAY
  MAXIMUM         72    355 PM  94    1915  70      2
  MINIMUM         50    459 AM  34    1883  50      0
  AVERAGE         61                        60      1

PRECIPITATION (IN)
  TODAY            0.00          3.21 1889   0.10  -0.10
  MONTH TO DATE    2.87                      2.64   0.23
  SINCE MAR 1      4.79                      6.12  -1.33
  SINCE JAN 1     10.52                     11.55  -1.03

SNOWFALL (IN)
  TODAY            0.0           0.0  2002   0.0    0.0
                                      2001
  MONTH TO DATE    T                         0.0    0.0
  SINCE JUL 1      7.8                      15.4   -7.6
  SNOW DEPTH       0

DEGREE DAYS
 HEATING
  TODAY            4                               -2
  MONTH TO DATE  286                               39
  SINCE MAR 1    943                              128
  SINCE JUL 1   3733                             -190

 COOLING
  TODAY            0                               -1
  MONTH TO DATE   17                                0
  SINCE MAR 1     17                               -2
  SINCE JAN 1     21                                2
...............................................................


WIND (MPH)
  HIGHEST WIND SPEED    20   HIGHEST WIND DIRECTION    NW (330)
  HIGHEST GUST SPEED    25   HIGHEST GUST DIRECTION     W (280)
  AVERAGE WIND SPEED    10.7




RELATIVE HUMIDITY (PERCENT)
 HIGHEST    69
 LOWEST     27
 AVERAGE    48

..........................................................


THE WASHINGTON NATIONAL DC CLIMATE NORMALS FOR TOMORROW
                         NORMAL    RECORD    YEAR
 MAXIMUM TEMPERATURE (F)   70        95      1915
 MINIMUM TEMPERATURE (F)   51        38      1933
                                             1892
                                             1876


SUNRISE AND SUNSET
APRIL 26 2018.........SUNRISE   617 AM EDT   SUNSET   756 PM EDT
APRIL 27 2018.........SUNRISE   615 AM EDT   SUNSET   757 PM EDT


-  INDICATES NEGATIVE NUMBERS.
R  INDICATES RECORD WAS SET OR TIED.
MM INDICATES DATA IS MISSING.
T  INDICATES TRACE AMOUNT.




$$
