000
CDUS44 KFWD 250706
CLIDFW


CLIMATE REPORT
NATIONAL WEATHER SERVICE FORT WORTH TX
205 AM CDT WED APR 25 2018


...................................

...THE DALLAS FORT WORTH CLIMATE SUMMARY FOR APRIL 24 2018...

CLIMATE NORMAL PERIOD 1981 TO 2010
CLIMATE RECORD PERIOD 1898 TO 2018


WEATHER ITEM   OBSERVED TIME   RECORD YEAR NORMAL DEPARTURE LAST
                VALUE   (LST)  VALUE       VALUE  FROM      YEAR
                                                  NORMAL
..................................................................
TEMPERATURE (F)
 YESTERDAY
  MAXIMUM         84    411 PM  91    1984  78      6       78
                                      1950
                                      1901
  MINIMUM         53    308 AM  37    2013  57     -4       49
  AVERAGE         69                        68      1       64

PRECIPITATION (IN)
  YESTERDAY        0.00          2.16 1914   0.13  -0.13     0.00
  MONTH TO DATE    0.66                      2.30  -1.64     3.32
  SINCE MAR 1      3.56                      5.79  -2.23     4.38
  SINCE JAN 1     15.72                     10.58   5.14    11.10

SNOWFALL (IN)
  YESTERDAY        0.0           0.0    MM   0.0    0.0      0.0
  MONTH TO DATE    0.0                       0.0    0.0      0.0
  SINCE MAR 1      0.0                       0.2   -0.2      0.0
  SINCE JUL 1      T                         1.6   -1.6      0.1
  SNOW DEPTH       0

DEGREE DAYS
 HEATING
  YESTERDAY        0                         1     -1        1
  MONTH TO DATE  141                        77     64       16
  SINCE MAR 1    255                       338    -83      109
  SINCE JUL 1   1922                      2270   -348     1297

 COOLING
  YESTERDAY        4                         4      0        0
  MONTH TO DATE   38                        70    -32      129
  SINCE MAR 1    108                       102      6      252
  SINCE JAN 1    130                       109     21      320
..................................................................


WIND (MPH)
  HIGHEST WIND SPEED    12   HIGHEST WIND DIRECTION     E (100)
  HIGHEST GUST SPEED    16   HIGHEST GUST DIRECTION     E (100)
  AVERAGE WIND SPEED     4.4


SKY COVER
  POSSIBLE SUNSHINE  MM
  AVERAGE SKY COVER 0.3


WEATHER CONDITIONS
 THE FOLLOWING WEATHER WAS RECORDED YESTERDAY.
  THUNDERSTORM


RELATIVE HUMIDITY (PERCENT)
 HIGHEST    86           400 AM
 LOWEST     27           400 PM
 AVERAGE    57

..........................................................


THE DALLAS FORT WORTH CLIMATE NORMALS FOR TODAY
                         NORMAL    RECORD    YEAR
 MAXIMUM TEMPERATURE (F)   78        91      1925
                                             1902
 MINIMUM TEMPERATURE (F)   58        33      1910


SUNRISE AND SUNSET
APRIL 25 2018.........SUNRISE   647 AM CDT   SUNSET   806 PM CDT
APRIL 26 2018.........SUNRISE   646 AM CDT   SUNSET   806 PM CDT


-  INDICATES NEGATIVE NUMBERS.
R  INDICATES RECORD WAS SET OR TIED.
MM INDICATES DATA IS MISSING.
T  INDICATES TRACE AMOUNT.




$$
