450
CDUS43 KDDC 242327
CLIDGC


CLIMATE REPORT
NATIONAL WEATHER SERVICE DODGE CITY KS
627 PM CDT THU MAY 24 2018


...................................

...THE DODGE CITY KS CLIMATE SUMMARY FOR MAY 24 2018...
VALID TODAY AS OF 0500 PM LOCAL TIME.

CLIMATE NORMAL PERIOD 1981 TO 2010
CLIMATE RECORD PERIOD 1875 TO 2018


WEATHER ITEM   OBSERVED TIME   RECORD YEAR NORMAL DEPARTURE LAST
                VALUE   (LST)  VALUE       VALUE  FROM      YEAR
                                                  NORMAL
..................................................................
TEMPERATURE (F)
 TODAY
  MAXIMUM         92    417 PM 102    1967  79     13       73
  MINIMUM         64    545 AM  39    2001  54     10       40
  AVERAGE         78                        67     11       57

PRECIPITATION (IN)
  TODAY            T             1.80 1936   0.10  -0.10     0.00
  MONTH TO DATE    1.03                      2.10  -1.07     4.52
  SINCE MAR 1      3.06                      5.51  -2.45    14.76
  SINCE JAN 1      3.21                      6.77  -3.56    17.33

SNOWFALL (IN)
  TODAY            0.0           T    2002   0.0    0.0      0.0
  MONTH TO DATE    0.0                       0.0    0.0      0.0
  SINCE MAR 1      2.2                       6.0   -3.8      2.5
  SINCE JUL 1      3.6                      21.1  -17.5      7.5
  SNOW DEPTH       0

DEGREE DAYS
 HEATING
  TODAY            0                         2     -2        8
  MONTH TO DATE   13                       103    -90      142
  SINCE MAR 1   1020                      1095    -75      936
  SINCE JUL 1   4676                      4942   -266     4170

 COOLING
  TODAY           13                         4      9        0
  MONTH TO DATE  157                        57    100       41
  SINCE MAR 1    178                        76    102       82
  SINCE JAN 1    178                        76    102       82
..................................................................


WIND (MPH)
  HIGHEST WIND SPEED    25   HIGHEST WIND DIRECTION     S (180)
  HIGHEST GUST SPEED    35   HIGHEST GUST DIRECTION     S (190)
  AVERAGE WIND SPEED    16.3


SKY COVER
  POSSIBLE SUNSHINE  MM
  AVERAGE SKY COVER 0.1


WEATHER CONDITIONS
 THE FOLLOWING WEATHER WAS RECORDED TODAY.
  NO SIGNIFICANT WEATHER WAS OBSERVED.


RELATIVE HUMIDITY (PERCENT)
 HIGHEST    73           600 AM
 LOWEST     32           300 PM
 AVERAGE    53

..........................................................


THE DODGE CITY KS CLIMATE NORMALS FOR TOMORROW
                         NORMAL    RECORD    YEAR
 MAXIMUM TEMPERATURE (F)   80       101      2012
 MINIMUM TEMPERATURE (F)   55        37      2001


SUNRISE AND SUNSET
MAY 24 2018...........SUNRISE   624 AM CDT   SUNSET   850 PM CDT
MAY 25 2018...........SUNRISE   623 AM CDT   SUNSET   851 PM CDT


-  INDICATES NEGATIVE NUMBERS.
R  INDICATES RECORD WAS SET OR TIED.
MM INDICATES DATA IS MISSING.
T  INDICATES TRACE AMOUNT.




$$
