000
CDUS43 KMPX 260629
CLIEAU


CLIMATE REPORT
NATIONAL WEATHER SERVICE CHANHASSEN MN
126 AM CDT THU APR 26 2018


...................................

...THE EAU CLAIRE WI CLIMATE SUMMARY FOR APRIL 25 2018...

CLIMATE NORMAL PERIOD 1981 TO 2010
CLIMATE RECORD PERIOD 1893 TO 2018


WEATHER ITEM   OBSERVED TIME   RECORD YEAR NORMAL DEPARTURE LAST
                VALUE   (LST)  VALUE       VALUE  FROM      YEAR
                                                  NORMAL
..................................................................
TEMPERATURE (F)
 YESTERDAY
  MAXIMUM         59    444 PM  87    1962  63     -4       73
  MINIMUM         32    528 AM  22    1919  38     -6       50
  AVERAGE         46                        50     -4       62

PRECIPITATION (IN)
  YESTERDAY        0.00          1.90 1893   0.11  -0.11     0.55
  MONTH TO DATE    1.59                      2.21  -0.62     4.10
  SINCE MAR 1      2.52                      3.94  -1.42     5.22
  SINCE JAN 1      4.98                      5.64  -0.66     9.30

SNOWFALL (IN)
  YESTERDAY        0.0           1.0  1965   0.1   -0.1      0.0
  MONTH TO DATE   18.6                       1.8   16.8      0.8
  SINCE MAR 1     25.4                      10.4   15.0      5.6
  SINCE JUL 1     64.4                      46.7   17.7     54.5
  SNOW DEPTH       0

DEGREE DAYS
 HEATING
  YESTERDAY       19                        15      4        3
  MONTH TO DATE  819                       508    311      402
  SINCE MAR 1   1918                      1552    366     1452
  SINCE JUL 1   8080                      7572    508     6562

 COOLING
  YESTERDAY        0                         0      0        0
  MONTH TO DATE    0                         0      0        0
  SINCE MAR 1      0                         0      0        0
  SINCE JAN 1      0                         0      0        0
..................................................................


WIND (MPH)
  HIGHEST WIND SPEED    12   HIGHEST WIND DIRECTION     E (80)
  HIGHEST GUST SPEED    16   HIGHEST GUST DIRECTION    NE (50)
  AVERAGE WIND SPEED     4.3


SKY COVER
  POSSIBLE SUNSHINE  MM
  AVERAGE SKY COVER 0.0


WEATHER CONDITIONS
 THE FOLLOWING WEATHER WAS RECORDED YESTERDAY.
  NO SIGNIFICANT WEATHER WAS OBSERVED.


RELATIVE HUMIDITY (PERCENT)
 HIGHEST    92          1200 AM
 LOWEST     28           300 PM
 AVERAGE    60

..........................................................


THE EAU CLAIRE WI CLIMATE NORMALS FOR TODAY
                         NORMAL    RECORD    YEAR
 MAXIMUM TEMPERATURE (F)   63        87      1962
 MINIMUM TEMPERATURE (F)   39        22      1919
                                             1907


SUNRISE AND SUNSET
APRIL 26 2018.........SUNRISE   603 AM CDT   SUNSET   805 PM CDT
APRIL 27 2018.........SUNRISE   602 AM CDT   SUNSET   806 PM CDT


-  INDICATES NEGATIVE NUMBERS.
R  INDICATES RECORD WAS SET OR TIED.
MM INDICATES DATA IS MISSING.
T  INDICATES TRACE AMOUNT.




$$
