000
CDUS41 KRLX 240718
CLIEKN


CLIMATE REPORT
NATIONAL WEATHER SERVICE CHARLESTON WV
318 AM EDT TUE APR 24 2018


...................................

...THE ELKINS WV CLIMATE SUMMARY FOR APRIL 23 2018...

CLIMATE NORMAL PERIOD 1981 TO 2010
CLIMATE RECORD PERIOD 1899 TO 2018


WEATHER ITEM   OBSERVED TIME   RECORD YEAR NORMAL DEPARTURE LAST
                VALUE   (LST)  VALUE       VALUE  FROM      YEAR
                                                  NORMAL
..................................................................
TEMPERATURE (F)
 YESTERDAY
  MAXIMUM         67   1155 AM  88    2001  65      2       60
  MINIMUM         45    507 AM  19    1982  39      6       35
  AVERAGE         56                        52      4       48

PRECIPITATION (IN)
  YESTERDAY        0.22          1.64 1970   0.13   0.09     0.00
  MONTH TO DATE    4.50                      2.89   1.61     4.32
  SINCE JAN 1     19.77                     13.18   6.59    15.71

SNOWFALL (IN)
  YESTERDAY        0.0           1.7  1906   0.1   -0.1      0.0
  MONTH TO DATE    2.1                       5.3   -3.2      3.2
  SINCE SEP 1     65.0                      83.3  -18.3     44.5
  SNOW DEPTH       0

DEGREE DAYS
 HEATING
  YESTERDAY        9                        13     -4       17
  MONTH TO DATE  443                       378     65      247
  SINCE MAR 1   1371                      1158    213      964
  SINCE JUL 1   5323                      5479   -156     4367

 COOLING
  YESTERDAY        0                         0      0        0
  MONTH TO DATE    1                         0      1        0
  SINCE MAR 1      1                         0      1        0
  SINCE JAN 1      1                         0      1        0
..................................................................


WIND (MPH)
  HIGHEST WIND SPEED    26   HIGHEST WIND DIRECTION    SE (140)
  HIGHEST GUST SPEED    40   HIGHEST GUST DIRECTION     S (170)
  AVERAGE WIND SPEED     8.1


SKY COVER
  POSSIBLE SUNSHINE  MM
  AVERAGE SKY COVER 0.3


WEATHER CONDITIONS
 THE FOLLOWING WEATHER WAS RECORDED YESTERDAY.
  RAIN
  LIGHT RAIN
  FOG


RELATIVE HUMIDITY (PERCENT)
 HIGHEST    93           800 PM
 LOWEST     22          1100 AM
 AVERAGE    58

..........................................................


THE ELKINS WV CLIMATE NORMALS FOR TODAY
                         NORMAL    RECORD    YEAR
 MAXIMUM TEMPERATURE (F)   66        90      1925
 MINIMUM TEMPERATURE (F)   39        18      1986


SUNRISE AND SUNSET
APRIL 24 2018.........SUNRISE   630 AM EDT   SUNSET   805 PM EDT
APRIL 25 2018.........SUNRISE   629 AM EDT   SUNSET   806 PM EDT


-  INDICATES NEGATIVE NUMBERS.
R  INDICATES RECORD WAS SET OR TIED.
MM INDICATES DATA IS MISSING.
T  INDICATES TRACE AMOUNT.




$$
