000
CDUS45 KLKN 250029
CLIEKO


CLIMATE REPORT
NATIONAL WEATHER SERVICE ELKO NV
529 PM PDT THU MAY 24 2018


...................................

...THE ELKO AIRPORT NV CLIMATE SUMMARY FOR MAY 24 2018...
VALID TODAY AS OF 0500 PM LOCAL TIME.

CLIMATE NORMAL PERIOD 1981 TO 2010
CLIMATE RECORD PERIOD 1888 TO 2018


WEATHER ITEM   OBSERVED TIME   RECORD YEAR NORMAL DEPARTURE LAST
                VALUE   (LST)  VALUE       VALUE  FROM      YEAR
                                                  NORMAL
..................................................................
TEMPERATURE (F)
 TODAY
  MAXIMUM         82    323 PM  91    2001  72     10       84
  MINIMUM         48    307 AM  23    1944  39      9       43
  AVERAGE         65                        56      9       64

PRECIPITATION (IN)
  TODAY            0.00          1.02 2015   0.03  -0.03     0.01
  MONTH TO DATE    1.07                      0.75   0.32     0.57
  SINCE OCT 1      6.73                      7.74  -1.01    12.85
  SINCE JAN 1      5.03                      4.68   0.35     7.22

SNOWFALL (IN)
  TODAY            0.0           2.1  1990   0.1   -0.1      0.0
  MONTH TO DATE    T                         0.5   -0.5       T
  SINCE MAR 1     14.3                       8.8    5.5      1.9
  SINCE JUL 1     28.2                      41.3  -13.1     53.3
  SNOW DEPTH       0

DEGREE DAYS
 HEATING
  TODAY            0                        10    -10        1
  MONTH TO DATE  218                       304    -86      240
  SINCE MAR 1   1619                      1707    -88     1463
  SINCE JUL 1   6261                      6875   -614     6199

 COOLING
  TODAY            0                         0      0        0
  MONTH TO DATE    1                         0      1        0
  SINCE MAR 1      1                         0      1        0
  SINCE JAN 1      1                         0      1        0
..................................................................


WIND (MPH)
  HIGHEST WIND SPEED    14   HIGHEST WIND DIRECTION     E (110)
  HIGHEST GUST SPEED    21   HIGHEST GUST DIRECTION     W (250)



WEATHER CONDITIONS
 THE FOLLOWING WEATHER WAS RECORDED TODAY.
  NO SIGNIFICANT WEATHER WAS OBSERVED.


RELATIVE HUMIDITY (PERCENT)
 HIGHEST    86           300 AM
 LOWEST     21           400 PM
 AVERAGE    54

..........................................................


THE ELKO AIRPORT NV CLIMATE NORMALS FOR TOMORROW
                         NORMAL    RECORD    YEAR
 MAXIMUM TEMPERATURE (F)   72        91      2001
 MINIMUM TEMPERATURE (F)   40        21      1888


SUNRISE AND SUNSET
MAY 24 2018...........SUNRISE   518 AM PDT   SUNSET   802 PM PDT
MAY 25 2018...........SUNRISE   518 AM PDT   SUNSET   803 PM PDT


-  INDICATES NEGATIVE NUMBERS.
R  INDICATES RECORD WAS SET OR TIED.
MM INDICATES DATA IS MISSING.
T  INDICATES TRACE AMOUNT.




$$
