000
CDUS43 KTOP 250633
CLIEMP


CLIMATE REPORT
NATIONAL WEATHER SERVICE TOPEKA KS
133 AM CDT WED APR 25 2018


...................................

...THE EMPORIA KS CLIMATE SUMMARY FOR APRIL 24 2018...

CLIMATE NORMAL PERIOD 1981 TO 2010
CLIMATE RECORD PERIOD 9999 TO 9999


WEATHER ITEM   OBSERVED NORMAL DEPARTURE LAST
                VALUE   VALUE  FROM      YEAR
                               NORMAL
...............................................
TEMPERATURE (F)
 YESTERDAY
  MAXIMUM         78     70      8       75
  MINIMUM         44     47     -3       44
  AVERAGE         61     59      2       60

PRECIPITATION (IN)
  YESTERDAY        0.00   0.13  -0.13     0.00
  MONTH TO DATE    1.06   2.43  -1.37     4.23
  SINCE MAR 1      3.25   4.96  -1.71     8.42
  SINCE JAN 1      4.58   6.82  -2.24    10.16

DEGREE DAYS
 HEATING
  YESTERDAY        4      7     -3        5
  MONTH TO DATE  445    260    185      169
  SINCE MAR 1   1036    870    166      645
  SINCE JUL 1   4764   4692     72     3736

 COOLING
  YESTERDAY        0      1     -1        0
  MONTH TO DATE    4     18    -14       30
  SINCE MAR 1      4     20    -16       42
  SINCE JAN 1      4     20    -16       42
...............................................


WIND (MPH)
  HIGHEST WIND SPEED    25   HIGHEST WIND DIRECTION    NW (330)
  HIGHEST GUST SPEED    36   HIGHEST GUST DIRECTION    NW (330)
  AVERAGE WIND SPEED     7.4


SKY COVER
  AVERAGE SKY COVER 0.2


WEATHER CONDITIONS
 THE FOLLOWING WEATHER WAS RECORDED YESTERDAY.
  NO SIGNIFICANT WEATHER WAS OBSERVED.


RELATIVE HUMIDITY (PERCENT)
 HIGHEST    77
 LOWEST     21
 AVERAGE    49

..........................................................


THE EMPORIA KS CLIMATE NORMALS FOR TODAY
                         NORMAL
 MAXIMUM TEMPERATURE (F)   71
 MINIMUM TEMPERATURE (F)   47


SUNRISE AND SUNSET
APRIL 25 2018.........SUNRISE   635 AM CDT   SUNSET   811 PM CDT
APRIL 26 2018.........SUNRISE   634 AM CDT   SUNSET   812 PM CDT


-  INDICATES NEGATIVE NUMBERS.
R  INDICATES RECORD WAS SET OR TIED.
MM INDICATES DATA IS MISSING.
T  INDICATES TRACE AMOUNT.




$$
