000
CDUS46 KPQR 241151
CLIEUG


CLIMATE REPORT
NATIONAL WEATHER SERVICE PORTLAND OREGON
450 AM PDT THU MAY 24 2018


...................................

...THE EUGENE OR CLIMATE SUMMARY FOR MAY 23 2018...

CLIMATE NORMAL PERIOD 1981 TO 2010
CLIMATE RECORD PERIOD 1892 TO 2018


WEATHER ITEM   OBSERVED TIME   RECORD YEAR NORMAL DEPARTURE LAST
                VALUE   (LST)  VALUE       VALUE  FROM      YEAR
                                                  NORMAL
..................................................................
TEMPERATURE (F)
 YESTERDAY
  MAXIMUM         69    334 PM  91    1947  68      1       86
  MINIMUM         51    343 AM  34    2002  45      6       52
                                      1978
                                      1935
  AVERAGE         60                        56      4       69

PRECIPITATION (IN)
  YESTERDAY        0.00          1.17 1989   0.09  -0.09     0.00
  MONTH TO DATE    0.28                      2.04  -1.76     1.22
  SINCE OCT 1     29.53                     41.46 -11.93    43.66
  SINCE JAN 1     15.52                     22.66  -7.14    24.07

SNOWFALL (IN)
  YESTERDAY        0.0
  MONTH TO DATE    0.0
  SINCE MAR 1      T
  SINCE JUL 1      2.0

DEGREE DAYS
 HEATING
  YESTERDAY        5                         9     -4        0
  MONTH TO DATE  164                       241    -77      225
  SINCE MAR 1   1265                      1256      9     1191
  SINCE JUL 1   4588                      4583      5     4392

 COOLING
  YESTERDAY        0                         0      0        4
  MONTH TO DATE    0                         0      0       11
  SINCE MAR 1      0                         0      0       11
  SINCE JAN 1      0                         0      0       11
..................................................................


WIND (MPH)
  HIGHEST WIND SPEED    18   HIGHEST WIND DIRECTION    SW (230)
  HIGHEST GUST SPEED    22   HIGHEST GUST DIRECTION    SW (220)
  AVERAGE WIND SPEED    10.8


SKY COVER
  POSSIBLE SUNSHINE  MM
  AVERAGE SKY COVER 0.6


WEATHER CONDITIONS
 THE FOLLOWING WEATHER WAS RECORDED YESTERDAY.
  NO SIGNIFICANT WEATHER WAS OBSERVED.


RELATIVE HUMIDITY (PERCENT)
 HIGHEST   100           300 AM
 LOWEST     63           400 PM
 AVERAGE    82

..........................................................


THE EUGENE OR CLIMATE NORMALS FOR TODAY
                         NORMAL    RECORD    YEAR
 MAXIMUM TEMPERATURE (F)   69        88      1992
                                             1928
 MINIMUM TEMPERATURE (F)   45        33      1977


SUNRISE AND SUNSET
MAY 24 2018...........SUNRISE   538 AM PDT   SUNSET   842 PM PDT
MAY 25 2018...........SUNRISE   537 AM PDT   SUNSET   843 PM PDT


-  INDICATES NEGATIVE NUMBERS.
R  INDICATES RECORD WAS SET OR TIED.
MM INDICATES DATA IS MISSING.
T  INDICATES TRACE AMOUNT.




$$
