000
CDUS43 KIND 260534
CLIEYE


CLIMATE REPORT
NATIONAL WEATHER SERVICE INDIANAPOLIS IN
133 AM EDT THU APR 26 2018


...................................

...THE INDIANAPOLIS EAGLE CREEK IN CLIMATE SUMMARY FOR APRIL 25 2018...

CLIMATE NORMAL PERIOD 1981 TO 2010
CLIMATE RECORD PERIOD 9999 TO 9999


WEATHER ITEM   OBSERVED TIME   NORMAL DEPARTURE LAST
                VALUE   (LST)  VALUE  FROM      YEAR
                                      NORMAL
......................................................
TEMPERATURE (F)
 YESTERDAY
  MAXIMUM         65    419 PM  66     -1       76
  MINIMUM         45   1152 PM  46     -1       53
  AVERAGE         55            56     -1       65

PRECIPITATION (IN)
  YESTERDAY        0.00          0.15  -0.15     0.00
  MONTH TO DATE    3.92          3.02   0.90     1.47
  SINCE MAR 1      7.32          6.32   1.00     5.92
  SINCE JAN 1     13.33         10.66   2.67    11.08

DEGREE DAYS
 HEATING
  YESTERDAY       10             9      1        0
  MONTH TO DATE  470           327    143      180
  SINCE MAR 1   1267          1027    240      828
  SINCE JUL 1   5151          5152     -1     4088

 COOLING
  YESTERDAY        0             1     -1        0
  MONTH TO DATE    7            15     -8       22
  SINCE MAR 1      7            16     -9       24
  SINCE JAN 1     13            16     -3       24
......................................................


WIND (MPH)
  HIGHEST WIND SPEED    16   HIGHEST WIND DIRECTION     N (340)
  HIGHEST GUST SPEED    21   HIGHEST GUST DIRECTION    NW (330)
  AVERAGE WIND SPEED     8.2


SKY COVER
  AVERAGE SKY COVER 0.5


WEATHER CONDITIONS
 THE FOLLOWING WEATHER WAS RECORDED YESTERDAY.
  FOG


RELATIVE HUMIDITY (PERCENT)
 HIGHEST    93           500 AM
 LOWEST     40           700 PM
 AVERAGE    67

..........................................................


THE INDIANAPOLIS EAGLE CREEK IN CLIMATE NORMALS FOR TODAY
                         NORMAL
 MAXIMUM TEMPERATURE (F)   66
 MINIMUM TEMPERATURE (F)   47


SUNRISE AND SUNSET
APRIL 26 2018.........SUNRISE   652 AM EDT   SUNSET   835 PM EDT
APRIL 27 2018.........SUNRISE   651 AM EDT   SUNSET   836 PM EDT


-  INDICATES NEGATIVE NUMBERS.
R  INDICATES RECORD WAS SET OR TIED.
MM INDICATES DATA IS MISSING.
T  INDICATES TRACE AMOUNT.




$$
