000
CDUS42 KKEY 260531
CLIEYW


CLIMATE REPORT
NATIONAL WEATHER SERVICE KEY WEST, FL
130 AM EDT THU APR 26 2018


...................................

...THE KEY WEST CLIMATE SUMMARY FOR APRIL 25 2018...

CLIMATE NORMAL PERIOD 1981 TO 2010
CLIMATE RECORD PERIOD 1871 TO 2018


WEATHER ITEM   OBSERVED TIME   RECORD YEAR NORMAL DEPARTURE LAST
                VALUE   (LST)  VALUE       VALUE  FROM      YEAR
                                                  NORMAL
..................................................................
TEMPERATURE (F)
 YESTERDAY
  MAXIMUM         84    235 PM  90    1991  82      2       80
  MINIMUM         74   1159 PM  64    2012  73      1       72
  AVERAGE         79                        78      1       76

PRECIPITATION (IN)
  YESTERDAY        0.00          2.21 1948   0.07  -0.07     0.00
  MONTH TO DATE    0.17                      1.78  -1.61     3.88
  SINCE MAR 1      2.29                      3.83  -1.54     4.81
  SINCE JAN 1      3.53                      7.36  -3.83     7.86

SNOWFALL (IN)
  YESTERDAY        0.0
  MONTH TO DATE    0.0
  SINCE MAR 1      0.0
  SINCE JUL 1      0.0
  SNOW DEPTH       0

DEGREE DAYS
 HEATING
  YESTERDAY        0                         0      0        0
  MONTH TO DATE    0                         0      0        0
  SINCE MAR 1      2                         7     -5        0
  SINCE JUL 1     44                        73    -29        5

 COOLING
  YESTERDAY       14                        13      1       11
  MONTH TO DATE  338                       278     60      308
  SINCE MAR 1    570                       540     30      614
  SINCE JAN 1   1023                       888    135     1154
..................................................................


WIND (MPH)
  HIGHEST WIND SPEED    13   HIGHEST WIND DIRECTION     N (350)
  HIGHEST GUST SPEED    17   HIGHEST GUST DIRECTION     N (340)
  AVERAGE WIND SPEED     6.9


SKY COVER
  POSSIBLE SUNSHINE  MM
  AVERAGE SKY COVER 0.4


WEATHER CONDITIONS
 THE FOLLOWING WEATHER WAS RECORDED YESTERDAY.
  THUNDERSTORM


RELATIVE HUMIDITY (PERCENT)
 HIGHEST    88
 LOWEST     63
 AVERAGE    76

..........................................................


THE KEY WEST CLIMATE NORMALS FOR TODAY
                         NORMAL    RECORD    YEAR
 MAXIMUM TEMPERATURE (F)   83        90      2015
                                             1991
                                             1955
 MINIMUM TEMPERATURE (F)   73        64      1983
                                             1937
                                             1888


SUNRISE AND SUNSET
APRIL 26 2018.........SUNRISE   656 AM EDT   SUNSET   754 PM EDT
APRIL 27 2018.........SUNRISE   655 AM EDT   SUNSET   755 PM EDT


-  INDICATES NEGATIVE NUMBERS.
R  INDICATES RECORD WAS SET OR TIED.
MM INDICATES DATA IS MISSING.
T  INDICATES TRACE AMOUNT.




$$
