000
CDUS43 KFGF 220635
CLIFAR


CLIMATE REPORT
NATIONAL WEATHER SERVICE EASTERN NORTH DAKOTA/GRAND FORKS
134 AM CDT SUN APR 22 2018


...................................

...THE FARGO HECTOR INTL AP ND CLIMATE SUMMARY FOR APRIL 21 2018...

CLIMATE NORMAL PERIOD 1981 TO 2010
CLIMATE RECORD PERIOD 1881 TO 2018


WEATHER ITEM   OBSERVED TIME   RECORD YEAR NORMAL DEPARTURE LAST
                VALUE   (LST)  VALUE       VALUE  FROM      YEAR
                                                  NORMAL
..................................................................
TEMPERATURE (F)
 YESTERDAY
  MAXIMUM         62    353 PM 100    1980  60      2       65
  MINIMUM         33    519 AM  20    1988  35     -2       33
                                      1936
  AVERAGE         48                        47      1       49

PRECIPITATION (IN)
  YESTERDAY        0.00          1.46 1964   0.04  -0.04     0.00
  MONTH TO DATE    0.33                      0.85  -0.52     0.95
  SINCE MAR 1      2.26                      2.15   0.11     1.28
  SINCE JAN 1      3.30                      3.46  -0.16     3.05

SNOWFALL (IN)
  YESTERDAY        0.0           2.3  1992   0.1   -0.1      0.0
                                      1928
  MONTH TO DATE    3.8                       2.4    1.4      0.0
  SINCE MAR 1     22.8                      11.5   11.3      1.6
  SINCE JUL 1     50.0                      49.5    0.5     30.9
  SNOW DEPTH       0

DEGREE DAYS
 HEATING
  YESTERDAY       17                        18     -1       16
  MONTH TO DATE  777                       486    291      361
  SINCE MAR 1   1974                      1638    336     1451
  SINCE JUL 1   8621                      8316    305     6949

 COOLING
  YESTERDAY        0                         0      0        0
  MONTH TO DATE    0                         0      0        0
  SINCE MAR 1      0                         0      0        0
  SINCE JAN 1      0                         0      0        0
..................................................................


WIND (MPH)
  HIGHEST WIND SPEED    18   HIGHEST WIND DIRECTION     S (200)
  HIGHEST GUST SPEED    30   HIGHEST GUST DIRECTION     S (190)
  AVERAGE WIND SPEED    10.2


SKY COVER
  POSSIBLE SUNSHINE  MM
  AVERAGE SKY COVER 0.1


WEATHER CONDITIONS
 THE FOLLOWING WEATHER WAS RECORDED YESTERDAY.
  NO SIGNIFICANT WEATHER WAS OBSERVED.


RELATIVE HUMIDITY (PERCENT)
 HIGHEST    96           600 AM
 LOWEST     39           400 PM
 AVERAGE    68

..........................................................


THE FARGO HECTOR INTL AP ND CLIMATE NORMALS FOR TODAY
                         NORMAL    RECORD    YEAR
 MAXIMUM TEMPERATURE (F)   60        89      1990
 MINIMUM TEMPERATURE (F)   36        19      1988
                                             1909


SUNRISE AND SUNSET
APRIL 22 2018.........SUNRISE   627 AM CDT   SUNSET   825 PM CDT
APRIL 23 2018.........SUNRISE   625 AM CDT   SUNSET   827 PM CDT


-  INDICATES NEGATIVE NUMBERS.
R  INDICATES RECORD WAS SET OR TIED.
MM INDICATES DATA IS MISSING.
T  INDICATES TRACE AMOUNT.




$$
