000
CDUS46 KHNX 230824
CLIFAT


CLIMATE REPORT
NATIONAL WEATHER SERVICE SAN JOAQUIN VALLEY, CA
122 AM PDT MON APR 23 2018


...................................

...THE FRESNO CA CLIMATE SUMMARY FOR APRIL 22 2018...

CLIMATE NORMAL PERIOD 1981 TO 2010
CLIMATE RECORD PERIOD 1887 TO 2018


WEATHER ITEM   OBSERVED TIME   RECORD YEAR NORMAL DEPARTURE
                VALUE   (LST)  VALUE       VALUE  FROM
                                                  NORMAL
...............................................................
TEMPERATURE (F)
 YESTERDAY
  MAXIMUM         89    434 PM  96    2012  77     12
                                      2009
  MINIMUM         57    515 AM  33    1968  51      6
  AVERAGE         73                        64      9

PRECIPITATION (IN)
  YESTERDAY        0.00          0.74 1908   0.03  -0.03
  MONTH TO DATE    0.64                      0.74  -0.10
  SINCE OCT 1      6.73                     10.46  -3.73
  SINCE JAN 1      6.32                      6.99  -0.67

SNOWFALL (IN)
  YESTERDAY        0.0
  MONTH TO DATE    0.0
  SINCE MAR 1      0.0
  SINCE JUL 1      0.0
  SNOW DEPTH       0

DEGREE DAYS
 HEATING
  YESTERDAY        0                               -3
  MONTH TO DATE   62                              -54
  SINCE MAR 1    320                              -61
  SINCE JUL 1   1801                             -492

 COOLING
  YESTERDAY        8                                6
  MONTH TO DATE   37                               10
  SINCE MAR 1     47                               15
  SINCE JAN 1     47                               15
...............................................................


WIND (MPH)
  HIGHEST WIND SPEED    14   HIGHEST WIND DIRECTION    NW (330)
  HIGHEST GUST SPEED    16   HIGHEST GUST DIRECTION    NW (320)
  AVERAGE WIND SPEED     4.1




RELATIVE HUMIDITY (PERCENT)
 HIGHEST    80
 LOWEST     22
 AVERAGE    51

..........................................................


THE FRESNO CA CLIMATE NORMALS FOR TODAY
                         NORMAL    RECORD    YEAR
 MAXIMUM TEMPERATURE (F)   77       100      1910
 MINIMUM TEMPERATURE (F)   51        39      1958
                                             1904


SUNRISE AND SUNSET
APRIL 23 2018.........SUNRISE   614 AM PDT   SUNSET   740 PM PDT
APRIL 24 2018.........SUNRISE   613 AM PDT   SUNSET   741 PM PDT


-  INDICATES NEGATIVE NUMBERS.
R  INDICATES RECORD WAS SET OR TIED.
MM INDICATES DATA IS MISSING.
T  INDICATES TRACE AMOUNT.




$$
