000
CDUS42 KMFL 272019
CLIFLL


CLIMATE REPORT
NATIONAL WEATHER SERVICE MIAMI, FL
419 PM EDT SUN MAY 27 2018


...................................

...THE FORT LAUDERDALE CLIMATE SUMMARY FOR MAY 27 2018...
VALID TODAY AS OF 0400 PM LOCAL TIME.

CLIMATE NORMAL PERIOD 1981 TO 2010
CLIMATE RECORD PERIOD 1912 TO 2018


WEATHER ITEM   OBSERVED TIME   RECORD YEAR NORMAL DEPARTURE LAST
                VALUE   (LST)  VALUE       VALUE  FROM      YEAR
                                                  NORMAL
..................................................................
TEMPERATURE (F)
 TODAY
  MAXIMUM         84    259 PM  94    1924  88     -4       91
  MINIMUM         73    952 AM  62    1927  76     -3       79
  AVERAGE         79                        82     -3       85

PRECIPITATION (IN)
  TODAY            1.29         10.22 2003   0.22   1.07     0.00
  MONTH TO DATE   14.41                      3.75  10.66     2.82
  SINCE NOV 1     27.43                     22.29   5.14    16.23
  SINCE JAN 1     20.80                     16.59   4.21    11.60

SNOWFALL (IN)
  TODAY            0.0
  MONTH TO DATE    0.0
  SINCE MAR 1      0.0
  SINCE JUL 1      0.0
  SNOW DEPTH       0

DEGREE DAYS
 HEATING
  TODAY            0                         0      0        0
  MONTH TO DATE    0                         0      0        0
  SINCE MAR 1     15                        10      5        6
  SINCE JUL 1    141                       112     29       35

 COOLING
  TODAY           14                        17     -3       20
  MONTH TO DATE  364                       403    -39      412
  SINCE MAR 1    918                       994    -76     1042
  SINCE JAN 1   1342                      1350     -8     1498
..................................................................


WIND (MPH)
  HIGHEST WIND SPEED    32   HIGHEST WIND DIRECTION    SE (140)
  HIGHEST GUST SPEED    39   HIGHEST GUST DIRECTION     S (160)
  AVERAGE WIND SPEED    17.0


SKY COVER
  AVERAGE SKY COVER 0.4


WEATHER CONDITIONS
 THE FOLLOWING WEATHER WAS RECORDED TODAY.
  THUNDERSTORM
  HEAVY RAIN
  RAIN
  LIGHT RAIN
  FOG


RELATIVE HUMIDITY (PERCENT)
 HIGHEST    94
 LOWEST     74
 AVERAGE    84

..........................................................


THE FORT LAUDERDALE CLIMATE NORMALS FOR TOMORROW
                         NORMAL    RECORD    YEAR
 MAXIMUM TEMPERATURE (F)   88        96      1967
 MINIMUM TEMPERATURE (F)   76        63      1928


SUNRISE AND SUNSET
MAY 27 2018...........SUNRISE   630 AM EDT   SUNSET   806 PM EDT
MAY 28 2018...........SUNRISE   629 AM EDT   SUNSET   807 PM EDT


-  INDICATES NEGATIVE NUMBERS.
R  INDICATES RECORD WAS SET OR TIED.
MM INDICATES DATA IS MISSING.
T  INDICATES TRACE AMOUNT.




$$
