000
CDUS42 KILM 230840
CLIFLO


CLIMATE REPORT
NATIONAL WEATHER SERVICE WILMINGTON NC
440 AM EDT MON APR 23 2018


...................................

...THE FLORENCE SOUTH  CAROLINA CLIMATE SUMMARY FOR APRIL 22 2018...

CLIMATE NORMAL PERIOD 1981 TO 2010
CLIMATE RECORD PERIOD 1948 TO 2018


WEATHER ITEM   OBSERVED TIME   RECORD YEAR NORMAL DEPARTURE LAST
                VALUE   (LST)  VALUE       VALUE  FROM      YEAR
                                                  NORMAL
..................................................................
TEMPERATURE (F)
 YESTERDAY
  MAXIMUM         75    206 PM  93    1963  77     -2       88
  MINIMUM         46    521 AM  37    1983  52     -6       64
  AVERAGE         61                        65     -4       76

PRECIPITATION (IN)
  YESTERDAY        T             3.84 1949   0.09  -0.09     0.00
  MONTH TO DATE    3.48                      1.91   1.57     2.81
  SINCE MAR 1      6.38                      5.24   1.14     4.41
  SINCE JAN 1      9.42                     11.39  -1.97     9.28

SNOWFALL (IN)
  YESTERDAY       MM            MM      MM   0.0
  MONTH TO DATE   MM                         0.0
  SINCE MAR 1     MM                         0.1
  SINCE JUL 1     MM                         1.5
  SNOW DEPTH      MM

DEGREE DAYS
 HEATING
  YESTERDAY        4                         3      1        0
  MONTH TO DATE  133                       104     29       40
  SINCE MAR 1    516                       414    102      371
  SINCE JUL 1   2410                      2480    -70     1816

 COOLING
  YESTERDAY        0                         3     -3       11
  MONTH TO DATE   35                        44     -9       82
  SINCE MAR 1     42                        62    -20      122
  SINCE JAN 1     94                        68     26      135
..................................................................


WIND (MPH)
  RESULTANT WIND SPEED   6   RESULTANT WIND DIRECTION  SE (120)
  HIGHEST WIND SPEED    17   HIGHEST WIND DIRECTION     E (110)
  HIGHEST GUST SPEED    22   HIGHEST GUST DIRECTION    SE (140)
  AVERAGE WIND SPEED     7.5


SKY COVER
  POSSIBLE SUNSHINE  MM
  AVERAGE SKY COVER 0.5


WEATHER CONDITIONS
 THE FOLLOWING WEATHER WAS RECORDED YESTERDAY.
  NO SIGNIFICANT WEATHER WAS OBSERVED.


RELATIVE HUMIDITY (PERCENT)
 HIGHEST    93           300 AM
 LOWEST     38           200 PM
 AVERAGE    66

..........................................................


THE FLORENCE SOUTH  CAROLINA CLIMATE NORMALS FOR TODAY
                         NORMAL    RECORD    YEAR
 MAXIMUM TEMPERATURE (F)   78        93      1980
 MINIMUM TEMPERATURE (F)   53        35      1986


SUNRISE AND SUNSET
APRIL 23 2018.........SUNRISE   638 AM EDT   SUNSET   757 PM EDT
APRIL 24 2018.........SUNRISE   637 AM EDT   SUNSET   757 PM EDT


-  INDICATES NEGATIVE NUMBERS.
R  INDICATES RECORD WAS SET OR TIED.
MM INDICATES DATA IS MISSING.
T  INDICATES TRACE AMOUNT.




$$
