000
CDUS42 KFFC 210820
CLIFTY


CLIMATE REPORT
NATIONAL WEATHER SERVICE PEACHTREE CITY GA
419 AM EDT SAT APR 21 2018


...................................

...THE FULTON COUNTY AIRPORT CLIMATE SUMMARY FOR APRIL 20 2018...

CLIMATE NORMAL PERIOD 1981 TO 2010
CLIMATE RECORD PERIOD 9999 TO 9999


WEATHER ITEM   OBSERVED TIME   RECORD YEAR NORMAL DEPARTURE LAST
                VALUE   (LST)  VALUE       VALUE  FROM      YEAR
                                                  NORMAL
..................................................................
TEMPERATURE (F)
 YESTERDAY
  MAXIMUM         69    543 PM  MM      MM  74     -5       84
  MINIMUM         37    628 AM  MM      MM  50    -13       62
  AVERAGE         53                        62     -9       73

PRECIPITATION (IN)
  YESTERDAY        0.00         MM      MM   0.12  -0.12     0.09
  MONTH TO DATE    1.52                      2.43  -0.91     4.91
  SINCE MAR 1      5.94                      7.24  -1.30     7.58
  SINCE JAN 1     13.32                     16.41  -3.09    15.63

SNOWFALL (IN)
  YESTERDAY        0.0          MM      MM  MM     MM        0.0
  MONTH TO DATE    0.0                      MM     MM        0.0
  SINCE MAR 1      0.0                      MM     MM        0.0
  SINCE JUL 1      0.0                      MM     MM        0.0
  SNOW DEPTH       0

DEGREE DAYS
 HEATING
  YESTERDAY       12                         4      8        0
  MONTH TO DATE  148                       121     27       48
  SINCE MAR 1    534                       480     54      346
  SINCE JUL 1   2652                      2820   -168     1762

 COOLING
  YESTERDAY        0                         1     -1        8
  MONTH TO DATE   11                        18     -7       50
  SINCE MAR 1     15                        24     -9       79
  SINCE JAN 1     35                        24     11       79
..................................................................


WIND (MPH)
  RESULTANT WIND SPEED   5   RESULTANT WIND DIRECTION  NE (50)
  HIGHEST WIND SPEED    17   HIGHEST WIND DIRECTION     E (80)
  HIGHEST GUST SPEED    25   HIGHEST GUST DIRECTION     E (100)
  AVERAGE WIND SPEED     5.0


SKY COVER
  AVERAGE SKY COVER 0.0


WEATHER CONDITIONS
 THE FOLLOWING WEATHER WAS RECORDED YESTERDAY.
  NO SIGNIFICANT WEATHER WAS OBSERVED.


RELATIVE HUMIDITY (PERCENT)
 HIGHEST    92           600 AM
 LOWEST     18           500 PM
 AVERAGE    55

..........................................................


THE FULTON COUNTY AIRPORT CLIMATE NORMALS FOR TODAY
                         NORMAL    RECORD    YEAR
 MAXIMUM TEMPERATURE (F)   74        MM        MM
 MINIMUM TEMPERATURE (F)   50        MM        MM


SUNRISE AND SUNSET
APRIL 21 2018.........SUNRISE   700 AM EDT   SUNSET   814 PM EDT
APRIL 22 2018.........SUNRISE   659 AM EDT   SUNSET   815 PM EDT


-  INDICATES NEGATIVE NUMBERS.
R  INDICATES RECORD WAS SET OR TIED.
MM INDICATES DATA IS MISSING.
T  INDICATES TRACE AMOUNT.




$$
