000
CDUS43 KUNR 260833
CLIGCC


CLIMATE REPORT
NATIONAL WEATHER SERVICE RAPID CITY SD
232 AM MDT SAT MAY 26 2018


...................................

...THE GILLETTE AIRPORT WY CLIMATE SUMMARY FOR MAY 25 2018...

CLIMATE NORMAL PERIOD 1981 TO 2010
CLIMATE RECORD PERIOD 9999 TO 9999


WEATHER ITEM   OBSERVED TIME   NORMAL DEPARTURE LAST
                VALUE   (LST)  VALUE  FROM      YEAR
                                      NORMAL
......................................................
TEMPERATURE (F)
 YESTERDAY
  MAXIMUM         83    457 PM  69     14       62
  MINIMUM         48    324 AM  42      6       35
  AVERAGE         66            55     11       49

PRECIPITATION (IN)
  YESTERDAY        0.00          0.08  -0.08     0.00
  MONTH TO DATE    0.79          1.94  -1.15     1.22
  SINCE MAR 1      3.67          4.37  -0.70     6.32
  SINCE JAN 1      5.46          5.15   0.31     7.16

DEGREE DAYS
 HEATING
  YESTERDAY        0            10    -10       16
  MONTH TO DATE  228           331   -103      313
  SINCE MAR 1   1838          1939   -101     1666
  SINCE JUL 1   7322          7347    -25     6423

 COOLING
  YESTERDAY        1             0      1        0
  MONTH TO DATE    2             0      2        4
  SINCE MAR 1      2             0      2        4
  SINCE JAN 1      2             0      2        4
......................................................


WIND (MPH)
  HIGHEST WIND SPEED    14   HIGHEST WIND DIRECTION    SW (220)
  HIGHEST GUST SPEED    17   HIGHEST GUST DIRECTION    SW (210)
  AVERAGE WIND SPEED     4.9


SKY COVER
  AVERAGE SKY COVER 0.1


WEATHER CONDITIONS
 THE FOLLOWING WEATHER WAS RECORDED YESTERDAY.
  NO SIGNIFICANT WEATHER WAS OBSERVED.


RELATIVE HUMIDITY (PERCENT)
 HIGHEST    93           300 AM
 LOWEST     28           400 PM
 AVERAGE    61

..........................................................




SUNRISE AND SUNSET
MAY 26 2018...........SUNRISE   525 AM MDT   SUNSET   834 PM MDT
MAY 27 2018...........SUNRISE   524 AM MDT   SUNSET   835 PM MDT


-  INDICATES NEGATIVE NUMBERS.
R  INDICATES RECORD WAS SET OR TIED.
MM INDICATES DATA IS MISSING.
T  INDICATES TRACE AMOUNT.




$$
