000
CDUS41 KPHI 212133
CLIGED


CLIMATE REPORT
NATIONAL WEATHER SERVICE MOUNT HOLLY NJ
530 PM EDT SAT APR 21 2018


...................................

...THE GEORGETOWN DE CLIMATE SUMMARY FOR APRIL 21 2018...
VALID TODAY AS OF 0500 PM LOCAL TIME.

CLIMATE NORMAL PERIOD 1981 TO 2010
CLIMATE RECORD PERIOD 1948 TO 2018


WEATHER ITEM   OBSERVED TIME   RECORD YEAR NORMAL DEPARTURE LAST
                VALUE   (LST)  VALUE       VALUE  FROM      YEAR
                                                  NORMAL
..................................................................
TEMPERATURE (F)
 TODAY
  MAXIMUM         61    349 PM  90    1957  66     -5       81
  MINIMUM         33    551 AM  27    1961  45    -12       53
  AVERAGE         47                        56     -9       67

PRECIPITATION (IN)
  TODAY            0.00          1.15 1991   0.11  -0.11     0.00
  MONTH TO DATE    2.59                      2.70  -0.11     0.63
  SINCE MAR 1      5.64                      6.75  -1.11     5.00
  SINCE JAN 1     12.46                     12.46   0.00     9.24

DEGREE DAYS
 HEATING
  TODAY           18                        10      8        0
  MONTH TO DATE  301                       269     32      126
  SINCE MAR 1   1008                       901    107      742
  SINCE JUL 1   3966                      4181   -215     3427

 COOLING
  TODAY            0                         1     -1        2
  MONTH TO DATE   14                        11      3       28
  SINCE MAR 1     14                        13      1       31
  SINCE JAN 1     21                        13      8       31
..................................................................


WIND (MPH)
  HIGHEST WIND SPEED    10   HIGHEST WIND DIRECTION     W (280)
  HIGHEST GUST SPEED    15   HIGHEST GUST DIRECTION     W (280)
  AVERAGE WIND SPEED     4.2


SKY COVER
  POSSIBLE SUNSHINE  MM
  AVERAGE SKY COVER 0.0


WEATHER CONDITIONS
 THE FOLLOWING WEATHER WAS RECORDED TODAY.
  NO SIGNIFICANT WEATHER WAS OBSERVED.


RELATIVE HUMIDITY (PERCENT)
 HIGHEST    82           600 AM
 LOWEST     26           200 PM
 AVERAGE    54

..........................................................


THE GEORGETOWN DE CLIMATE NORMALS FOR TOMORROW
                         NORMAL    RECORD    YEAR
 MAXIMUM TEMPERATURE (F)   67        89      1976
 MINIMUM TEMPERATURE (F)   45        28      1975


SUNRISE AND SUNSET
APRIL 21 2018.........SUNRISE   617 AM EDT   SUNSET   744 PM EDT
APRIL 22 2018.........SUNRISE   615 AM EDT   SUNSET   745 PM EDT


-  INDICATES NEGATIVE NUMBERS.
R  INDICATES RECORD WAS SET OR TIED.
MM INDICATES DATA IS MISSING.
T  INDICATES TRACE AMOUNT.




$$
