000
CDUS44 KSHV 210755
CLIGGG


CLIMATE REPORT
NATIONAL WEATHER SERVICE SHREVEPORT, LA
255 AM CDT SAT APR 21 2018


...................................

...THE LONGVIEW CLIMATE SUMMARY FOR APRIL 20 2018...

CLIMATE NORMAL PERIOD 1981 TO 2010
CLIMATE RECORD PERIOD 1902 TO 2018


WEATHER ITEM   OBSERVED TIME   RECORD YEAR NORMAL DEPARTURE LAST
                VALUE   (LST)  VALUE       VALUE  FROM      YEAR
                                                  NORMAL
..................................................................
TEMPERATURE (F)
 YESTERDAY
  MAXIMUM         67    435 PM  92    1929  77    -10       85
  MINIMUM         43    506 AM  38    2013  55    -12       67
  AVERAGE         55                        66    -11       76

PRECIPITATION (IN)
  YESTERDAY        0.00          2.27 1979   0.10  -0.10     0.00
  MONTH TO DATE    2.56                      2.10   0.46     5.10
  SINCE DEC 1     26.21                     18.30   7.91    20.32
  SINCE JAN 1     20.88                     13.81   7.07    15.52

SNOWFALL (IN)
  YESTERDAY        0.0
  MONTH TO DATE    0.0
  SINCE MAR 1      0.0
  SINCE JUL 1      1.5
  SNOW DEPTH       0

DEGREE DAYS
 HEATING
  YESTERDAY       10                         2      8        0
  MONTH TO DATE  116                        76     40       18
  SINCE MAR 1    262                       331    -69      165
  SINCE JUL 1   2056                      2235   -179     1266

 COOLING
  YESTERDAY        0                         3     -3       11
  MONTH TO DATE   36                        48    -12      103
  SINCE MAR 1     98                        75     23      201
  SINCE JAN 1    134                        87     47      272
..................................................................


WIND (MPH)
  HIGHEST WIND SPEED    18   HIGHEST WIND DIRECTION     E (90)
  HIGHEST GUST SPEED    23   HIGHEST GUST DIRECTION     E (90)
  AVERAGE WIND SPEED     7.7


SKY COVER
  POSSIBLE SUNSHINE  MM
  AVERAGE SKY COVER 0.0


WEATHER CONDITIONS
 THE FOLLOWING WEATHER WAS RECORDED YESTERDAY.
  NO SIGNIFICANT WEATHER WAS OBSERVED.


RELATIVE HUMIDITY (PERCENT)
 HIGHEST    89           500 AM
 LOWEST     44           200 PM
 AVERAGE    67

..........................................................


THE LONGVIEW CLIMATE NORMALS FOR TODAY
                         NORMAL    RECORD    YEAR
 MAXIMUM TEMPERATURE (F)   78        90      2011
                                             1925
 MINIMUM TEMPERATURE (F)   55        40      1918


SUNRISE AND SUNSET
APRIL 21 2018.........SUNRISE   643 AM CDT   SUNSET   753 PM CDT
APRIL 22 2018.........SUNRISE   642 AM CDT   SUNSET   754 PM CDT


-  INDICATES NEGATIVE NUMBERS.
R  INDICATES RECORD WAS SET OR TIED.
MM INDICATES DATA IS MISSING.
T  INDICATES TRACE AMOUNT.




$$
