000
CDUS45 KGJT 232332
CLIGJT


CLIMATE REPORT
NATIONAL WEATHER SERVICE GRAND JUNCTION CO
529 PM MDT WED MAY 23 2018


...................................

...THE GRAND JUNCTION CO CLIMATE SUMMARY FOR MAY 23 2018...
VALID TODAY AS OF 0500 PM LOCAL TIME.

CLIMATE NORMAL PERIOD 1981 TO 2010
CLIMATE RECORD PERIOD 1893 TO 2018


WEATHER ITEM   OBSERVED TIME   RECORD YEAR NORMAL DEPARTURE LAST
                VALUE   (LST)  VALUE       VALUE  FROM      YEAR
                                                  NORMAL
..................................................................
TEMPERATURE (F)
 TODAY
  MAXIMUM         81    359 PM  95    2005  79      2       75
  MINIMUM         47    531 AM  35    1933  49     -2       43
  AVERAGE         64                        64      0       59

PRECIPITATION (IN)
  TODAY            0.00          0.23 2009   0.03  -0.03     0.00
  MONTH TO DATE    0.19                      0.69  -0.50     0.66
  SINCE MAR 1      1.47                      2.52  -1.05     1.28
  SINCE JAN 1      2.95                      3.64  -0.69     2.83

SNOWFALL (IN)
  TODAY            0.0           0.0  2017   0.0    0.0      0.0
  MONTH TO DATE    0.0                       0.1   -0.1       T
  SINCE MAR 1      0.2                       3.6   -3.4       T
  SINCE JUL 1      9.0                      19.1  -10.1     13.9
  SNOW DEPTH       0

DEGREE DAYS
 HEATING
  TODAY            1                         3     -2        6
  MONTH TO DATE   64                       134    -70      156
  SINCE MAR 1    987                      1189   -202      969
  SINCE JUL 1   4957                      5568   -611     4616

 COOLING
  TODAY            0                         2     -2        0
  MONTH TO DATE   38                        26     12       17
  SINCE MAR 1     40                        29     11       18
  SINCE JAN 1     40                        29     11       18
..................................................................


WIND (MPH)
  HIGHEST WIND SPEED    15   HIGHEST WIND DIRECTION    NW (300)
  HIGHEST GUST SPEED    21   HIGHEST GUST DIRECTION     W (290)
  AVERAGE WIND SPEED     7.9


SKY COVER
  POSSIBLE SUNSHINE  MM
  AVERAGE SKY COVER 0.1


WEATHER CONDITIONS
 THE FOLLOWING WEATHER WAS RECORDED TODAY.
  NO SIGNIFICANT WEATHER WAS OBSERVED.


RELATIVE HUMIDITY (PERCENT)
 HIGHEST    86           400 AM
 LOWEST     16           400 PM
 AVERAGE    51

..........................................................


THE GRAND JUNCTION CO CLIMATE NORMALS FOR TOMORROW
                         NORMAL    RECORD    YEAR
 MAXIMUM TEMPERATURE (F)   79        94      2005
 MINIMUM TEMPERATURE (F)   49        37      1971


SUNRISE AND SUNSET
MAY 23 2018...........SUNRISE   555 AM MDT   SUNSET   827 PM MDT
MAY 24 2018...........SUNRISE   554 AM MDT   SUNSET   828 PM MDT


-  INDICATES NEGATIVE NUMBERS.
R  INDICATES RECORD WAS SET OR TIED.
MM INDICATES DATA IS MISSING.
T  INDICATES TRACE AMOUNT.




$$
