000
CDUS42 KGSP 260636 RRA
CLIGSP

CLIMATE REPORT
NATIONAL WEATHER SERVICE GREENVILLE-SPARTANBURG SC
234 AM EDT THU APR 26 2018


...................................

...THE GREENVILLE-SPARTANBURG SC CLIMATE SUMMARY FOR APRIL 25 2018...

CLIMATE NORMAL PERIOD 1981 TO 2010
CLIMATE RECORD PERIOD 1884 TO 2018


WEATHER ITEM   OBSERVED TIME   RECORD YEAR NORMAL DEPARTURE LAST
                VALUE   (LST)  VALUE       VALUE  FROM      YEAR
                                                  NORMAL
..................................................................
TEMPERATURE (F)
 YESTERDAY
  MAXIMUM         75    315 PM  92    1960  75      0       75
  MINIMUM         55    626 AM  32    1903  51      4       54
  AVERAGE         65                        63      2       65

PRECIPITATION (IN)
  YESTERDAY        0.00          2.13 1939   0.11  -0.11     0.00
  MONTH TO DATE    5.26                      2.81   2.45     7.05
  SINCE MAR 1      8.82                      7.33   1.49    14.40
  SINCE JAN 1     17.09                     15.12   1.97    20.12

SNOWFALL (IN)
  YESTERDAY        0.0           0.0    MM   0.0    0.0      0.0
  MONTH TO DATE    0.0                       0.0    0.0      0.0
  SINCE MAR 1      0.0                       0.9   -0.9      0.5
  SINCE JUL 1      4.7                       4.7    0.0      3.6
  SNOW DEPTH       0

DEGREE DAYS
 HEATING
  YESTERDAY        0                         4     -4        0
  MONTH TO DATE  184                       156     28       75
  SINCE MAR 1    624                       540     84      429
  SINCE JUL 1   2895                      2989    -94     2155

 COOLING
  YESTERDAY        0                         2     -2        0
  MONTH TO DATE   12                        31    -19       55
  SINCE MAR 1     13                        39    -26       71
  SINCE JAN 1     33                        39     -6       77
..................................................................


WIND (MPH)
  HIGHEST WIND SPEED    15   HIGHEST WIND DIRECTION     N (360)
  HIGHEST GUST SPEED    21   HIGHEST GUST DIRECTION     N (350)
  AVERAGE WIND SPEED     5.8


SKY COVER
  POSSIBLE SUNSHINE  MM
  AVERAGE SKY COVER 0.7


WEATHER CONDITIONS
 THE FOLLOWING WEATHER WAS RECORDED YESTERDAY.
  FOG
  FOG W/VISIBILITY <= 1/4 MILE


RELATIVE HUMIDITY (PERCENT)
 HIGHEST   100          1200 AM
 LOWEST     41           500 PM
 AVERAGE    71

..........................................................


THE GREENVILLE-SPARTANBURG SC CLIMATE NORMALS FOR TODAY
                         NORMAL    RECORD    YEAR
 MAXIMUM TEMPERATURE (F)   75        89      1960
                                             1915
 MINIMUM TEMPERATURE (F)   51        34      1972
                                             1910


SUNRISE AND SUNSET
APRIL 26 2018.........SUNRISE   644 AM EDT   SUNSET   810 PM EDT
APRIL 27 2018.........SUNRISE   643 AM EDT   SUNSET   811 PM EDT


-  INDICATES NEGATIVE NUMBERS.
R  INDICATES RECORD WAS SET OR TIED.
MM INDICATES DATA IS MISSING.
T  INDICATES TRACE AMOUNT.

$$
