000
CDUS44 KAMA 250629
CLIGUY


CLIMATE REPORT
NATIONAL WEATHER SERVICE AMARILLO TX
129 AM CDT FRI MAY 25 2018


...................................

...THE GUYMON CLIMATE SUMMARY FOR MAY 24 2018...

CLIMATE NORMAL PERIOD 1981 TO 2010
CLIMATE RECORD PERIOD 1998 TO 2018


WEATHER ITEM   OBSERVED TIME   RECORD YEAR NORMAL DEPARTURE LAST
                VALUE   (LST)  VALUE       VALUE  FROM      YEAR
                                                  NORMAL
..................................................................
TEMPERATURE (F)
 YESTERDAY
  MAXIMUM         90    524 PM  MM      MM  81      9       83
  MINIMUM         60    603 AM  MM      MM  54      6       39
  AVERAGE         75                        67      8       61

PRECIPITATION (IN)
  YESTERDAY        0.03         MM      MM   0.10  -0.07     0.00
  MONTH TO DATE    0.58                      1.68  -1.10     2.11
  SINCE MAR 1      1.68                      4.62  -2.94     8.10
  SINCE JAN 1      1.70                      5.49  -3.79    10.12

SNOWFALL (IN)
  YESTERDAY        0.0          MM      MM  MM     MM        0.0
  MONTH TO DATE    0.0                      MM     MM        0.0
  SINCE MAR 1      T                        MM     MM        3.0
  SINCE JUL 1      T                        MM     MM        3.8
  SNOW DEPTH       0

DEGREE DAYS
 HEATING
  YESTERDAY        0                         2     -2        4
  MONTH TO DATE   11                        87    -76      101
  SINCE MAR 1    856                       973   -117      765
  SINCE JUL 1   4066                      4440   -374     3668

 COOLING
  YESTERDAY       10                         4      6        0
  MONTH TO DATE  160                        60    100       38
  SINCE MAR 1    188                        75    113       95
  SINCE JAN 1    188                        75    113      103
..................................................................


WIND (MPH)
  RESULTANT WIND SPEED  15   RESULTANT WIND DIRECTION   S (200)
  HIGHEST WIND SPEED    45   HIGHEST WIND DIRECTION    SW (230)
  HIGHEST GUST SPEED    56   HIGHEST GUST DIRECTION    SW (220)
  AVERAGE WIND SPEED    16.4


SKY COVER
  AVERAGE SKY COVER 0.1


WEATHER CONDITIONS
 THE FOLLOWING WEATHER WAS RECORDED YESTERDAY.
  THUNDERSTORM
  LIGHT RAIN


RELATIVE HUMIDITY (PERCENT)
 HIGHEST    90           600 AM
 LOWEST     31           700 PM
 AVERAGE    61

..........................................................


THE GUYMON CLIMATE NORMALS FOR TODAY
                         NORMAL    RECORD    YEAR
 MAXIMUM TEMPERATURE (F)   81        MM        MM
 MINIMUM TEMPERATURE (F)   54        MM        MM


SUNRISE AND SUNSET
MAY 25 2018...........SUNRISE   632 AM CDT   SUNSET   854 PM CDT
MAY 26 2018...........SUNRISE   631 AM CDT   SUNSET   855 PM CDT


-  INDICATES NEGATIVE NUMBERS.
R  INDICATES RECORD WAS SET OR TIED.
MM INDICATES DATA IS MISSING.
T  INDICATES TRACE AMOUNT.




$$
