000
CDUS44 KJAN 260703
CLIGWO


CLIMATE REPORT
NATIONAL WEATHER SERVICE JACKSON MS
202 AM CDT THU APR 26 2018


...................................

...THE GREENWOOD CLIMATE SUMMARY FOR APRIL 25 2018...

CLIMATE NORMAL PERIOD 1981 TO 2010
CLIMATE RECORD PERIOD 1948 TO 2018


WEATHER ITEM   OBSERVED TIME   RECORD YEAR NORMAL DEPARTURE LAST
                VALUE   (LST)  VALUE       VALUE  FROM      YEAR
                                                  NORMAL
..................................................................
TEMPERATURE (F)
 YESTERDAY
  MAXIMUM         79    330 PM  87    1965  78      1       82
  MINIMUM         50    535 AM  38    2013  55     -5       53
  AVERAGE         65                        66     -1       68

PRECIPITATION (IN)
  YESTERDAY        0.12          1.90 1980   0.17  -0.05     0.00
  MONTH TO DATE    4.91                      4.29   0.62     3.92
  SINCE MAR 1     10.65                      8.60   2.05     7.89
  SINCE JAN 1     27.25                     17.54   9.71    16.17

SNOWFALL (IN)
  YESTERDAY        0.0

DEGREE DAYS
 HEATING
  YESTERDAY        0                         2     -2        0
  MONTH TO DATE  168                       114     54       40
  SINCE MAR 1    439                       430      9      272
  SINCE JUL 1   2493                      2661   -168     1755

 COOLING
  YESTERDAY        0                         3     -3        3
  MONTH TO DATE   20                        57    -37      103
  SINCE MAR 1     44                        78    -34      164
  SINCE JAN 1     83                        83      0      198
..................................................................


WIND (MPH)
  HIGHEST WIND SPEED    12   HIGHEST WIND DIRECTION     E (80)
  HIGHEST GUST SPEED    14   HIGHEST GUST DIRECTION     E (90)
  AVERAGE WIND SPEED     2.4


SKY COVER
  POSSIBLE SUNSHINE  MM
  AVERAGE SKY COVER 0.3


WEATHER CONDITIONS
 THE FOLLOWING WEATHER WAS RECORDED YESTERDAY.
  RAIN
  LIGHT RAIN
  FOG


RELATIVE HUMIDITY (PERCENT)
 HIGHEST   100           200 AM
 LOWEST     38           300 PM
 AVERAGE    69

..........................................................


THE GREENWOOD CLIMATE NORMALS FOR TODAY
                         NORMAL    RECORD    YEAR
 MAXIMUM TEMPERATURE (F)   78        88      1994
                                             1971
 MINIMUM TEMPERATURE (F)   55        44      2013
                                             1992


SUNRISE AND SUNSET
APRIL 26 2018.........SUNRISE   617 AM CDT   SUNSET   740 PM CDT
APRIL 27 2018.........SUNRISE   616 AM CDT   SUNSET   740 PM CDT


-  INDICATES NEGATIVE NUMBERS.
R  INDICATES RECORD WAS SET OR TIED.
MM INDICATES DATA IS MISSING.
T  INDICATES TRACE AMOUNT.




$$
