000
CDUS41 KPBZ 240702
CLIHLG


CLIMATE REPORT
NATIONAL WEATHER SERVICE PITTSBURGH PA
301 AM EDT THU MAY 24 2018


...................................

...THE WHEELING CLIMATE SUMMARY FOR MAY 23 2018...

CLIMATE NORMAL PERIOD 1981 TO 2010
CLIMATE RECORD PERIOD 1878 TO 2018


WEATHER ITEM   OBSERVED TIME   RECORD YEAR NORMAL DEPARTURE LAST
                VALUE   (LST)  VALUE       VALUE  FROM      YEAR
                                                  NORMAL
..................................................................
TEMPERATURE (F)
 YESTERDAY
  MAXIMUM         74    448 PM  91    1925  72      2       71
  MINIMUM         56    936 AM  30    2002  52      4       46
  AVERAGE         65                        62      3       59

PRECIPITATION (IN)
  YESTERDAY        0.00          0.86 1937   0.16  -0.16     0.00
  MONTH TO DATE    3.00                      3.07  -0.07     4.00
  SINCE JAN 1     20.64                     14.04   6.60    16.37

DEGREE DAYS
 HEATING
  YESTERDAY        0                         5     -5        6
  MONTH TO DATE   18                       160   -142      176
  SINCE MAR 1   1486                      1351    135     1181
  SINCE JUL 1   5466                      5518    -52     4537

 COOLING
  YESTERDAY        0                                         0
  MONTH TO DATE   83                                        30
  SINCE MAR 1     97                                        56
  SINCE JAN 1    102                                        58
..................................................................


WIND (MPH)
  HIGHEST WIND SPEED    15   HIGHEST WIND DIRECTION     N (340)
  HIGHEST GUST SPEED    19   HIGHEST GUST DIRECTION     N (340)
  AVERAGE WIND SPEED     5.6


SKY COVER
  POSSIBLE SUNSHINE  MM
  AVERAGE SKY COVER 0.6


WEATHER CONDITIONS
 THE FOLLOWING WEATHER WAS RECORDED YESTERDAY.
  FOG
  FOG W/VISIBILITY <= 1/4 MILE


RELATIVE HUMIDITY (PERCENT)
 HIGHEST    93          1200 AM
 LOWEST     49           500 PM
 AVERAGE    71

..........................................................


THE WHEELING CLIMATE NORMALS FOR TODAY
                         NORMAL    RECORD    YEAR
 MAXIMUM TEMPERATURE (F)   72        91      1944
 MINIMUM TEMPERATURE (F)   52        32      1932


SUNRISE AND SUNSET
MAY 24 2018...........SUNRISE   600 AM EDT   SUNSET   840 PM EDT
MAY 25 2018...........SUNRISE   559 AM EDT   SUNSET   841 PM EDT


-  INDICATES NEGATIVE NUMBERS.
R  INDICATES RECORD WAS SET OR TIED.
MM INDICATES DATA IS MISSING.
T  INDICATES TRACE AMOUNT.




$$
