000
CDUS44 KBRO 262130
CLIHRL


CLIMATE REPORT
NATIONAL WEATHER SERVICE BROWNSVILLE TX
430 PM CDT THU APR 26 2018


...................................

...THE HARLINGEN CLIMATE SUMMARY FOR APRIL 26 2018...
VALID TODAY AS OF 0400 PM LOCAL TIME.

CLIMATE NORMAL PERIOD 1981 TO 2010
CLIMATE RECORD PERIOD 1912 TO 2018


WEATHER ITEM   OBSERVED TIME   RECORD YEAR NORMAL DEPARTURE LAST
                VALUE   (LST)  VALUE       VALUE  FROM      YEAR
                                                  NORMAL
..................................................................
TEMPERATURE (F)
 TODAY
  MAXIMUM         79    259 PM 104    2017  87     -8      104
  MINIMUM         64    619 AM  47    1913  67     -3       70
  AVERAGE         72                        77     -5       87

PRECIPITATION (IN)
  TODAY            0.00          2.35 1992   0.05  -0.05     0.00
  MONTH TO DATE    0.43                      1.45  -1.02     0.87
  SINCE MAR 1      0.56                      2.74  -2.18     3.09
  SINCE JAN 1      3.21                      5.21  -2.00     4.40

SNOWFALL (IN)
  TODAY            0.0
  MONTH TO DATE    0.0
  SINCE MAR 1      0.0
  SINCE JUL 1      1.0
  SNOW DEPTH       0

DEGREE DAYS
 HEATING
  TODAY            0                         0      0        0
  MONTH TO DATE    3                         7     -4        0
  SINCE MAR 1      4                        53    -49        4
  SINCE JUL 1    644                       621     23      234

 COOLING
  TODAY            7                        12     -5       22
  MONTH TO DATE  231                       267    -36      312
  SINCE MAR 1    498                       437     61      602
  SINCE JAN 1    704                       562    142      969
..................................................................


WIND (MPH)
  HIGHEST WIND SPEED    14   HIGHEST WIND DIRECTION    NE (30)
  HIGHEST GUST SPEED    19   HIGHEST GUST DIRECTION    NE (30)
  AVERAGE WIND SPEED     9.5



WEATHER CONDITIONS
 THE FOLLOWING WEATHER WAS RECORDED TODAY.
  FOG


RELATIVE HUMIDITY (PERCENT)
 HIGHEST   100
 LOWEST     58
 AVERAGE    79

..........................................................


THE HARLINGEN CLIMATE NORMALS FOR TOMORROW
                         NORMAL    RECORD    YEAR
 MAXIMUM TEMPERATURE (F)   88       103      1984
 MINIMUM TEMPERATURE (F)   68        49      1913


SUNRISE AND SUNSET
APRIL 26 2018.........SUNRISE   657 AM CDT   SUNSET   800 PM CDT
APRIL 27 2018.........SUNRISE   656 AM CDT   SUNSET   800 PM CDT


-  INDICATES NEGATIVE NUMBERS.
R  INDICATES RECORD WAS SET OR TIED.
MM INDICATES DATA IS MISSING.
T  INDICATES TRACE AMOUNT.




$$
