000
CDUS43 KGID 232223
CLIHSI


CLIMATE REPORT
NATIONAL WEATHER SERVICE HASTINGS NE
523 PM CDT WED MAY 23 2018


...................................

...THE HASTINGS NE CLIMATE SUMMARY FOR MAY 23 2018...
VALID TODAY AS OF 0500 PM LOCAL TIME.

CLIMATE NORMAL PERIOD 1981 TO 2010
CLIMATE RECORD PERIOD 1894 TO 2018


WEATHER ITEM   OBSERVED TIME   RECORD YEAR NORMAL DEPARTURE LAST
                VALUE   (LST)  VALUE       VALUE  FROM      YEAR
                                                  NORMAL
..................................................................
TEMPERATURE (F)
 TODAY
  MAXIMUM         88    237 PM  95    1926  74     14       60
  MINIMUM         66    608 AM  38    1917  53     13       46
  AVERAGE         77                        64     13       53

PRECIPITATION (IN)
  TODAY            0.00          3.89 1965   0.14  -0.14      T
  MONTH TO DATE    3.10                      3.57  -0.47     6.06
  SINCE MAR 1      5.43                      7.92  -2.49    10.38
  SINCE JAN 1      6.45                      8.82  -2.37    11.48

SNOWFALL (IN)
  TODAY            0.0           T    2008   0.0    0.0      0.0
                                      2006
                                      1995
  MONTH TO DATE    T                         0.0    0.0      0.6
  SINCE MAR 1      7.2                       6.4    0.8      2.0
  SINCE JUL 1     27.1                      28.8   -1.7     11.1
  SNOW DEPTH       0

DEGREE DAYS
 HEATING
  TODAY            0                         4     -4       12
  MONTH TO DATE   81                       148    -67      153
  SINCE MAR 1   1504                      1357    147     1203
  SINCE JUL 1   6222                      5987    235     5133

 COOLING
  TODAY           12                         2     10        0
  MONTH TO DATE   59                        30     29       46
  SINCE MAR 1     66                        35     31       54
  SINCE JAN 1     66                        35     31       54
..................................................................


WIND (MPH)
  HIGHEST WIND SPEED    22   HIGHEST WIND DIRECTION     S (170)
  HIGHEST GUST SPEED    32   HIGHEST GUST DIRECTION     S (200)
  AVERAGE WIND SPEED    12.0


SKY COVER
  AVERAGE SKY COVER 0.1


WEATHER CONDITIONS
 THE FOLLOWING WEATHER WAS RECORDED TODAY.
  NO SIGNIFICANT WEATHER WAS OBSERVED.


RELATIVE HUMIDITY (PERCENT)
 HIGHEST    87           500 AM
 LOWEST     39           200 PM
 AVERAGE    63

..........................................................


THE HASTINGS NE CLIMATE NORMALS FOR TOMORROW
                         NORMAL    RECORD    YEAR
 MAXIMUM TEMPERATURE (F)   75        97      1967
                                             1953
 MINIMUM TEMPERATURE (F)   54        32      1924


SUNRISE AND SUNSET
MAY 23 2018...........SUNRISE   610 AM CDT   SUNSET   851 PM CDT
MAY 24 2018...........SUNRISE   610 AM CDT   SUNSET   852 PM CDT


-  INDICATES NEGATIVE NUMBERS.
R  INDICATES RECORD WAS SET OR TIED.
MM INDICATES DATA IS MISSING.
T  INDICATES TRACE AMOUNT.




$$
