000
CDUS43 KAPX 200528
CLIHTL


CLIMATE REPORT
NATIONAL WEATHER SERVICE GAYLORD MI
128 AM EDT SUN MAY 20 2018


...................................

...THE HOUGHTON LAKE MI CLIMATE SUMMARY FOR MAY 19 2018...

CLIMATE NORMAL PERIOD 1981 TO 2010
CLIMATE RECORD PERIOD 1913 TO 2018


WEATHER ITEM   OBSERVED TIME   RECORD YEAR NORMAL DEPARTURE LAST
                VALUE   (LST)  VALUE       VALUE  FROM      YEAR
                                                  NORMAL
..................................................................
TEMPERATURE (F)
 YESTERDAY
  MAXIMUM         60    356 PM  89    1977  67     -7       59
  MINIMUM         49   1151 PM  19    1924  42      7       37
  AVERAGE         55                        55      0       48

PRECIPITATION (IN)
  YESTERDAY        0.51          1.11 1983   0.10   0.41      T
  MONTH TO DATE    2.46                      1.64   0.82     1.37
  SINCE MAR 1      6.76                      5.96   0.80     9.27
  SINCE JAN 1     10.93                      8.68   2.25    14.75

DEGREE DAYS
 HEATING
  YESTERDAY       10                        11     -1       17
  MONTH TO DATE  156                       251    -95      275
  SINCE MAR 1   2190                      2040    150     1894
  SINCE JUL 1   7743                      7912   -169     6744

 COOLING
  YESTERDAY        0                         0      0        0
  MONTH TO DATE    4                         0      4       13
  SINCE MAR 1      4                         2      2       14
  SINCE JAN 1      4                         2      2       14
..................................................................


WIND (MPH)
  HIGHEST WIND SPEED    13   HIGHEST WIND DIRECTION    NW (320)
  HIGHEST GUST SPEED    17   HIGHEST GUST DIRECTION    NW (320)
  AVERAGE WIND SPEED     7.4




RELATIVE HUMIDITY (PERCENT)
 HIGHEST   100
 LOWEST     47
 AVERAGE    74

..........................................................


THE HOUGHTON LAKE MI CLIMATE NORMALS FOR TODAY
                         NORMAL    RECORD    YEAR
 MAXIMUM TEMPERATURE (F)   68        96      1921
 MINIMUM TEMPERATURE (F)   43        20      1936
                                             1924


SUNRISE AND SUNSET
MAY 20 2018...........SUNRISE   606 AM EDT   SUNSET   905 PM EDT
MAY 21 2018...........SUNRISE   606 AM EDT   SUNSET   906 PM EDT


-  INDICATES NEGATIVE NUMBERS.
R  INDICATES RECORD WAS SET OR TIED.
MM INDICATES DATA IS MISSING.
T  INDICATES TRACE AMOUNT.




$$
