000
CDUS43 KIND 190536
CLIHUF


CLIMATE REPORT
NATIONAL WEATHER SERVICE INDIANAPOLIS IN
136 AM EDT THU APR 19 2018


...................................

...THE TERRE HAUTE IN CLIMATE SUMMARY FOR APRIL 18 2018...

CLIMATE NORMAL PERIOD 1981 TO 2010
CLIMATE RECORD PERIOD 9999 TO 9999


WEATHER ITEM   OBSERVED TIME   NORMAL DEPARTURE LAST
                VALUE   (LST)  VALUE  FROM      YEAR
                                      NORMAL
......................................................
TEMPERATURE (F)
 YESTERDAY
  MAXIMUM         71    311 PM  65      6       77
  MINIMUM         36    144 AM  43     -7       41
  AVERAGE         54            54      0       59

PRECIPITATION (IN)
  YESTERDAY        T             0.12  -0.12     0.00
  MONTH TO DATE    4.07          1.94   2.13     2.62
  SINCE MAR 1      9.04          5.31   3.73     6.19
  SINCE JAN 1     14.89          9.60   5.29    10.53

DEGREE DAYS
 HEATING
  YESTERDAY       11            11      0        6
  MONTH TO DATE  374           252    122      141
  SINCE MAR 1   1149           943    206      712
  SINCE JUL 1   5159          5106     53     4047

 COOLING
  YESTERDAY        0             1     -1        0
  MONTH TO DATE    4             4      0       10
  SINCE MAR 1      4             5     -1       12
  SINCE JAN 1      4             5     -1       12
......................................................


WIND (MPH)
  HIGHEST WIND SPEED    29   HIGHEST WIND DIRECTION    NW (300)
  HIGHEST GUST SPEED    41   HIGHEST GUST DIRECTION    NW (300)
  AVERAGE WIND SPEED    15.0


SKY COVER
  AVERAGE SKY COVER 0.4


WEATHER CONDITIONS
 THE FOLLOWING WEATHER WAS RECORDED YESTERDAY.
  LIGHT RAIN


RELATIVE HUMIDITY (PERCENT)
 HIGHEST    76           300 AM
 LOWEST     53           300 PM
 AVERAGE    65

..........................................................


THE TERRE HAUTE IN CLIMATE NORMALS FOR TODAY
                         NORMAL
 MAXIMUM TEMPERATURE (F)   65
 MINIMUM TEMPERATURE (F)   43


SUNRISE AND SUNSET
APRIL 19 2018.........SUNRISE   706 AM EDT   SUNSET   831 PM EDT
APRIL 20 2018.........SUNRISE   705 AM EDT   SUNSET   832 PM EDT


-  INDICATES NEGATIVE NUMBERS.
R  INDICATES RECORD WAS SET OR TIED.
MM INDICATES DATA IS MISSING.
T  INDICATES TRACE AMOUNT.




$$
