000
CDUS41 KCAR 202026
CLIHUL


CLIMATE REPORT
NATIONAL WEATHER SERVICE CARIBOU, ME
426 PM EDT FRI APR 20 2018


...................................

...THE HOULTON ME CLIMATE SUMMARY FOR APRIL 20 2018...
VALID TODAY AS OF 0400 PM LOCAL TIME.

CLIMATE NORMAL PERIOD 1981 TO 2010
CLIMATE RECORD PERIOD 1948 TO 2018


WEATHER ITEM   OBSERVED TIME   RECORD YEAR NORMAL DEPARTURE LAST
                VALUE   (LST)  VALUE       VALUE  FROM      YEAR
                                                  NORMAL
..................................................................
TEMPERATURE (F)
 TODAY
  MAXIMUM         45    256 PM  75    1941  52     -7       40
  MINIMUM         33    722 AM  16    1974  30      3       32
  AVERAGE         39                        41     -2       36

PRECIPITATION (IN)
  TODAY            0.07          0.98 1998   0.13  -0.06     0.04
  MONTH TO DATE    1.82                      2.56  -0.74     2.59
  SINCE MAR 1      3.81                      5.15  -1.34     4.12
  SINCE JAN 1      9.49                     10.01  -0.52     8.57

SNOWFALL (IN)
  TODAY           MM             1.6  1978   0.2   MM       MM
  MONTH TO DATE   MM                         5.1   MM       MM
  SINCE MAR 1     MM                        22.9   MM       MM
  SINCE JUL 1     MM                        88.5   MM       MM
  SNOW DEPTH      MM

DEGREE DAYS
 HEATING
  TODAY           26                        24      2       29
  MONTH TO DATE  664                       565     99      501
  SINCE MAR 1   1791                      1788      3     1829
  SINCE JUL 1   7859                      8361   -502     7790

 COOLING
  TODAY            0                         0      0        0
  MONTH TO DATE    0                         0      0        0
  SINCE MAR 1      0                         0      0        0
  SINCE JAN 1      0                         0      0        0
..................................................................


WIND (MPH)
  HIGHEST WIND SPEED    20   HIGHEST WIND DIRECTION     N (350)
  HIGHEST GUST SPEED    23   HIGHEST GUST DIRECTION     N (350)
  AVERAGE WIND SPEED    10.2


SKY COVER
  POSSIBLE SUNSHINE  MM
  AVERAGE SKY COVER 0.6


WEATHER CONDITIONS
 THE FOLLOWING WEATHER WAS RECORDED TODAY.
  LIGHT RAIN
  LIGHT SNOW
  FOG


RELATIVE HUMIDITY (PERCENT)
 HIGHEST   100           400 AM
 LOWEST     49           300 PM
 AVERAGE    75

..........................................................


THE HOULTON ME CLIMATE NORMALS FOR TOMORROW
                         NORMAL    RECORD    YEAR
 MAXIMUM TEMPERATURE (F)   53        79      1977
 MINIMUM TEMPERATURE (F)   31        12      1969


SUNRISE AND SUNSET
APRIL 20 2018.........SUNRISE   536 AM EDT   SUNSET   725 PM EDT
APRIL 21 2018.........SUNRISE   534 AM EDT   SUNSET   726 PM EDT


-  INDICATES NEGATIVE NUMBERS.
R  INDICATES RECORD WAS SET OR TIED.
MM INDICATES DATA IS MISSING.
T  INDICATES TRACE AMOUNT.




$$
