908
CDUS45 KPIH 232332
CLIIDA


CLIMATE REPORT
NATIONAL WEATHER SERVICE POCATELLO ID
530 PM MDT MON APR 23 2018


...................................

...THE IDAHO FALLS ID CLIMATE SUMMARY FOR APRIL 23 2018...
VALID TODAY AS OF 0500 PM LOCAL TIME.

CLIMATE NORMAL PERIOD 1981 TO 2010
CLIMATE RECORD PERIOD 1948 TO 2018


WEATHER ITEM   OBSERVED TIME   RECORD YEAR NORMAL DEPARTURE LAST
                VALUE   (LST)  VALUE       VALUE  FROM      YEAR
                                                  NORMAL
..................................................................
TEMPERATURE (F)
 TODAY
  MAXIMUM         50   1201 AM  86    2012  60    -10       60
  MINIMUM         38    814 AM  13    1968  33      5       40
  AVERAGE         44                        46     -2       50

PRECIPITATION (IN)
  TODAY            0.22          0.31 2007   0.04   0.18      T
  MONTH TO DATE    1.34                      0.80   0.54     0.23
  SINCE OCT 1      5.15                      5.58  -0.43     6.99
  SINCE JAN 1      3.22                      3.01   0.21     2.71

SNOWFALL (IN)
  TODAY           MM
  MONTH TO DATE   MM
  SINCE MAR 1     MM
  SINCE JUL 1     MM
  SNOW DEPTH      MM

DEGREE DAYS
 HEATING
  TODAY           21                        18      3       15
  MONTH TO DATE  449                       488    -39      482
  SINCE MAR 1   1371                      1390    -19     1216
  SINCE JUL 1   6659                      7192   -533     7013

 COOLING
  TODAY            0                         0      0        0
  MONTH TO DATE    0                         0      0        0
  SINCE MAR 1      0                         0      0        0
  SINCE JAN 1      0                         0      0        0
..................................................................


WIND (MPH)
  HIGHEST WIND SPEED    21   HIGHEST WIND DIRECTION    SW (210)
  HIGHEST GUST SPEED    24   HIGHEST GUST DIRECTION    SE (140)
  AVERAGE WIND SPEED     8.5


SKY COVER
  POSSIBLE SUNSHINE  MM
  AVERAGE SKY COVER 0.8


WEATHER CONDITIONS
 THE FOLLOWING WEATHER WAS RECORDED TODAY.
  RAIN
  LIGHT RAIN
  FOG


RELATIVE HUMIDITY (PERCENT)
 HIGHEST    92           200 AM
 LOWEST     70           900 AM
 AVERAGE    81

..........................................................


THE IDAHO FALLS ID CLIMATE NORMALS FOR TOMORROW
                         NORMAL    RECORD    YEAR
 MAXIMUM TEMPERATURE (F)   61        81      1977
 MINIMUM TEMPERATURE (F)   33        19      2002
                                             1950


SUNRISE AND SUNSET
APRIL 23 2018.........SUNRISE   633 AM MDT   SUNSET   821 PM MDT
APRIL 24 2018.........SUNRISE   631 AM MDT   SUNSET   822 PM MDT


-  INDICATES NEGATIVE NUMBERS.
R  INDICATES RECORD WAS SET OR TIED.
MM INDICATES DATA IS MISSING.
T  INDICATES TRACE AMOUNT.




$$
