000
CDUS41 KCTP 270621
CLIIPT


CLIMATE REPORT
NATIONAL WEATHER SERVICE STATE COLLEGE PA
221 AM EDT SUN MAY 27 2018


...................................

...THE WILLIAMSPORT PA CLIMATE SUMMARY FOR MAY 26 2018...

CLIMATE NORMAL PERIOD 1981 TO 2010
CLIMATE RECORD PERIOD 1895 TO 2018


WEATHER ITEM   OBSERVED TIME   RECORD YEAR NORMAL DEPARTURE LAST
                VALUE   (LST)  VALUE       VALUE  FROM      YEAR
                                                  NORMAL
..................................................................
TEMPERATURE (F)
 YESTERDAY
  MAXIMUM         91    257 PM  93    1914  74     17       72
  MINIMUM         56    448 AM  35    1925  51      5       58
  AVERAGE         74                        63     11       65

PRECIPITATION (IN)
  YESTERDAY        T             1.52 1943   0.12  -0.12     0.02
  MONTH TO DATE    7.05                      3.06   3.99     4.25
  SINCE MAR 1     13.08                      9.27   3.81    11.90
  SINCE JAN 1     20.87                     14.31   6.56    17.20

SNOWFALL (IN)
  YESTERDAY        0.0           0.0  2002   0.0    0.0      0.0
                                      2001
  MONTH TO DATE    0.0                       0.0    0.0      0.0
  SINCE MAR 1      7.8                       8.0   -0.2     22.6
  SINCE JUL 1     26.8                      36.0   -9.2     41.1
  SNOW DEPTH       0

DEGREE DAYS
 HEATING
  YESTERDAY        0                         4     -4        0
  MONTH TO DATE   72                       185   -113      179
  SINCE MAR 1   1503                      1473     30     1287
  SINCE JUL 1   5553                      5940   -387     4923

 COOLING
  YESTERDAY        9                         2      7        0
  MONTH TO DATE   63                        26     37       29
  SINCE MAR 1     63                        31     32       44
  SINCE JAN 1     63                        31     32       44
..................................................................


WIND (MPH)
  HIGHEST WIND SPEED    10   HIGHEST WIND DIRECTION     W (260)
  HIGHEST GUST SPEED    14   HIGHEST GUST DIRECTION    SW (240)
  AVERAGE WIND SPEED     2.7


SKY COVER
  POSSIBLE SUNSHINE  MM
  AVERAGE SKY COVER 0.2


WEATHER CONDITIONS
 THE FOLLOWING WEATHER WAS RECORDED YESTERDAY.
  LIGHT RAIN


RELATIVE HUMIDITY (PERCENT)
 HIGHEST    93           300 AM
 LOWEST     29           200 PM
 AVERAGE    61

..........................................................


THE WILLIAMSPORT PA CLIMATE NORMALS FOR TODAY
                         NORMAL    RECORD    YEAR
 MAXIMUM TEMPERATURE (F)   75        94      1918
 MINIMUM TEMPERATURE (F)   52        33      1969


SUNRISE AND SUNSET
MAY 27 2018...........SUNRISE   540 AM EDT   SUNSET   830 PM EDT
MAY 28 2018...........SUNRISE   539 AM EDT   SUNSET   831 PM EDT


-  INDICATES NEGATIVE NUMBERS.
R  INDICATES RECORD WAS SET OR TIED.
MM INDICATES DATA IS MISSING.
T  INDICATES TRACE AMOUNT.




$$
